CRAN Package Check Results for Package statpsych

Last updated on 2021-11-27 03:58:13 CET.

Flavor Version Tinstall Tcheck Ttotal Status Flags
r-devel-linux-x86_64-debian-clang 1.0.0 7.29 52.34 59.63 OK
r-devel-linux-x86_64-debian-gcc 1.0.0 5.47 40.15 45.62 OK
r-devel-linux-x86_64-fedora-clang 1.0.0 83.26 NOTE
r-devel-linux-x86_64-fedora-gcc 1.0.0 72.83 NOTE
r-devel-windows-x86_64-new-UL 1.0.0 20.00 94.00 114.00 OK
r-devel-windows-x86_64-new-TK 1.0.0 NOTE
r-devel-windows-x86_64-old 1.0.0 9.00 80.00 89.00 OK
r-patched-linux-x86_64 1.0.0 8.16 50.63 58.79 OK
r-patched-solaris-x86 1.0.0 92.70 NOTE
r-release-linux-x86_64 1.0.0 OK
r-release-macos-arm64 1.0.0 NOTE
r-release-macos-x86_64 1.0.0 NOTE
r-release-windows-ix86+x86_64 1.0.0 14.00 58.00 72.00 OK
r-oldrel-macos-x86_64 1.0.0 NOTE
r-oldrel-windows-ix86+x86_64 1.0.0 11.00 76.00 87.00 OK

Check Details

Version: 1.0.0
Check: dependencies in R code
Result: NOTE
    Namespaces in Imports field not imported from:
     ‘Rdpack’ ‘mathjaxr’
     All declared Imports should be used.
Flavors: r-devel-linux-x86_64-fedora-clang, r-devel-linux-x86_64-fedora-gcc, r-devel-windows-x86_64-new-TK, r-patched-solaris-x86, r-release-macos-arm64, r-release-macos-x86_64, r-oldrel-macos-x86_64