CRAN Package Check Results for Package stplanr

Last updated on 2021-09-18 13:53:53 CEST.

Flavor Version Tinstall Tcheck Ttotal Status Flags
r-devel-linux-x86_64-debian-clang 0.8.3 53.27 200.46 253.73 OK
r-devel-linux-x86_64-debian-gcc 0.8.3 32.83 149.48 182.31 OK
r-devel-linux-x86_64-fedora-clang 0.8.3 311.06 NOTE
r-devel-linux-x86_64-fedora-gcc 0.8.3 315.70 OK
r-devel-windows-x86_64 0.8.3 49.00 328.00 377.00 NOTE
r-devel-windows-x86_64-gcc10-UCRT 0.8.3 OK
r-patched-linux-x86_64 0.8.3 52.89 193.80 246.69 OK
r-patched-solaris-x86 0.8.3 385.10 NOTE
r-release-linux-x86_64 0.8.3 48.21 192.50 240.71 OK
r-release-macos-arm64 0.8.3 NOTE
r-release-macos-x86_64 0.8.3 NOTE
r-release-windows-ix86+x86_64 0.8.3 124.00 316.00 440.00 NOTE
r-oldrel-macos-x86_64 0.8.3 NOTE
r-oldrel-windows-ix86+x86_64 0.8.3 127.00 315.00 442.00 NOTE

Check Details

Version: 0.8.3
Check: installed package size
Result: NOTE
     installed size is 6.6Mb
     sub-directories of 1Mb or more:
     doc 2.8Mb
     libs 1.3Mb
Flavors: r-devel-linux-x86_64-fedora-clang, r-devel-windows-x86_64, r-patched-solaris-x86, r-release-macos-arm64, r-release-macos-x86_64, r-release-windows-ix86+x86_64, r-oldrel-macos-x86_64, r-oldrel-windows-ix86+x86_64