CRAN Package Check Results for Package strat

Last updated on 2021-09-27 19:50:35 CEST.

Flavor Version Tinstall Tcheck Ttotal Status Flags
r-devel-linux-x86_64-debian-clang 0.1 29.20 37.56 66.76 OK
r-devel-linux-x86_64-debian-gcc 0.1 21.04 30.03 51.07 OK
r-devel-linux-x86_64-fedora-clang 0.1 97.23 NOTE
r-devel-linux-x86_64-fedora-gcc 0.1 82.70 NOTE
r-devel-windows-x86_64 0.1 29.00 51.00 80.00 OK
r-devel-windows-x86_64-gcc10-UCRT 0.1 OK
r-patched-linux-x86_64 0.1 24.37 36.44 60.81 OK
r-patched-solaris-x86 0.1 101.70 OK
r-release-linux-x86_64 0.1 25.65 37.91 63.56 OK
r-release-macos-arm64 0.1 OK
r-release-macos-x86_64 0.1 OK
r-release-windows-ix86+x86_64 0.1 73.00 62.00 135.00 OK
r-oldrel-macos-x86_64 0.1 OK
r-oldrel-windows-ix86+x86_64 0.1 51.00 61.00 112.00 OK

Check Details

Version: 0.1
Check: compiled code
Result: NOTE
    File ‘strat/libs/strat.so’:
     Found no calls to: ‘R_registerRoutines’, ‘R_useDynamicSymbols’
    
    It is good practice to register native routines and to disable symbol
    search.
    
    See ‘Writing portable packages’ in the ‘Writing R Extensions’ manual.
Flavors: r-devel-linux-x86_64-fedora-clang, r-devel-linux-x86_64-fedora-gcc