CRAN Package Check Results for Package stubthat

Last updated on 2021-12-02 21:52:14 CET.

Flavor Version Tinstall Tcheck Ttotal Status Flags
r-devel-linux-x86_64-debian-clang 1.2.1 2.49 30.76 33.25 NOTE
r-devel-linux-x86_64-debian-gcc 1.2.1 1.91 24.24 26.15 NOTE
r-devel-linux-x86_64-fedora-clang 1.2.1 52.07 NOTE
r-devel-linux-x86_64-fedora-gcc 1.2.1 41.71 NOTE
r-devel-windows-x86_64-new-UL 1.2.1 7.00 82.00 89.00 NOTE
r-devel-windows-x86_64-new-TK 1.2.1 NOTE
r-devel-windows-x86_64-old 1.2.1 6.00 44.00 50.00 NOTE
r-patched-linux-x86_64 1.2.1 2.50 30.39 32.89 NOTE
r-patched-solaris-x86 1.2.1 60.70 NOTE
r-release-linux-x86_64 1.2.1 2.33 28.97 31.30 NOTE
r-release-macos-arm64 1.2.1 NOTE
r-release-macos-x86_64 1.2.1 NOTE
r-release-windows-ix86+x86_64 1.2.1 6.00 54.00 60.00 NOTE
r-oldrel-macos-x86_64 1.2.1 OK
r-oldrel-windows-ix86+x86_64 1.2.1 6.00 53.00 59.00 OK

Check Details

Version: 1.2.1
Check: LazyData
Result: NOTE
     'LazyData' is specified without a 'data' directory
Flavors: r-devel-linux-x86_64-debian-clang, r-devel-linux-x86_64-debian-gcc, r-devel-linux-x86_64-fedora-clang, r-devel-linux-x86_64-fedora-gcc, r-devel-windows-x86_64-new-UL, r-devel-windows-x86_64-new-TK, r-devel-windows-x86_64-old, r-patched-linux-x86_64, r-patched-solaris-x86, r-release-linux-x86_64, r-release-macos-arm64, r-release-macos-x86_64, r-release-windows-ix86+x86_64