CRAN Package Check Results for Package stylest

Last updated on 2021-08-01 10:51:35 CEST.

Flavor Version Tinstall Tcheck Ttotal Status Flags
r-devel-linux-x86_64-debian-clang 0.2.0 7.38 70.27 77.65 OK
r-devel-linux-x86_64-debian-gcc 0.2.0 5.97 54.64 60.61 OK
r-devel-linux-x86_64-fedora-clang 0.2.0 100.90 NOTE
r-devel-linux-x86_64-fedora-gcc 0.2.0 89.73 NOTE
r-devel-windows-x86_64 0.2.0 8.00 95.00 103.00 OK
r-devel-windows-x86_64-gcc10-UCRT 0.2.0 NOTE
r-patched-linux-x86_64 0.2.0 OK
r-patched-solaris-x86 0.2.0 141.60 NOTE
r-release-linux-x86_64 0.2.0 6.88 66.89 73.77 OK
r-release-macos-arm64 0.2.0 NOTE
r-release-macos-x86_64 0.2.0 NOTE
r-release-windows-ix86+x86_64 0.2.0 16.00 91.00 107.00 OK
r-oldrel-macos-x86_64 0.2.0 NOTE
r-oldrel-windows-ix86+x86_64 0.2.0 11.00 97.00 108.00 OK

Check Details

Version: 0.2.0
Check: data for non-ASCII characters
Result: NOTE
     Note: found 2 marked UTF-8 strings
Flavors: r-devel-linux-x86_64-fedora-clang, r-devel-linux-x86_64-fedora-gcc, r-devel-windows-x86_64-gcc10-UCRT, r-patched-solaris-x86, r-release-macos-arm64, r-release-macos-x86_64, r-oldrel-macos-x86_64