CRAN Package Check Results for Package superMICE

Last updated on 2024-07-15 10:49:56 CEST.

Flavor Version Tinstall Tcheck Ttotal Status Flags
r-devel-linux-x86_64-debian-clang 1.1.1 15.35 107.18 122.53 NOTE
r-devel-linux-x86_64-debian-gcc 1.1.1 9.44 78.59 88.03 NOTE
r-devel-linux-x86_64-fedora-clang 1.1.1 149.26 NOTE
r-devel-linux-x86_64-fedora-gcc 1.1.1 137.92 NOTE
r-devel-windows-x86_64 1.1.1 12.00 88.00 100.00 NOTE
r-patched-linux-x86_64 1.1.1 14.56 100.87 115.43 NOTE
r-release-linux-x86_64 1.1.1 11.26 98.75 110.01 NOTE
r-release-macos-arm64 1.1.1 41.00 NOTE
r-release-macos-x86_64 1.1.1 60.00 NOTE
r-release-windows-x86_64 1.1.1 12.00 90.00 102.00 NOTE
r-oldrel-macos-arm64 1.1.1 25.00 NOTE
r-oldrel-macos-x86_64 1.1.1 37.00 NOTE
r-oldrel-windows-x86_64 1.1.1 16.00 152.00 168.00 NOTE

Check Details

Version: 1.1.1
Check: package dependencies
Result: NOTE Package suggested but not available for checking: ‘extraTrees’ Flavors: r-devel-linux-x86_64-debian-clang, r-devel-linux-x86_64-debian-gcc, r-devel-linux-x86_64-fedora-clang, r-devel-linux-x86_64-fedora-gcc, r-devel-windows-x86_64, r-patched-linux-x86_64, r-release-linux-x86_64, r-release-macos-arm64, r-release-macos-x86_64, r-release-windows-x86_64, r-oldrel-macos-arm64, r-oldrel-windows-x86_64

Version: 1.1.1
Check: Rd cross-references
Result: NOTE Found the following Rd file(s) with Rd \link{} targets missing package anchors: mice.impute.SuperLearner.Rd: SuperLearner Please provide package anchors for all Rd \link{} targets not in the package itself and the base packages. Flavor: r-devel-windows-x86_64

Version: 1.1.1
Check: package dependencies
Result: NOTE Packages suggested but not available for checking: 'arm', 'bartMachine', 'extraTrees', 'party', 'xgboost' Flavor: r-oldrel-macos-x86_64