CRAN Package Check Results for Package sur

Last updated on 2021-11-30 03:57:10 CET.

Flavor Version Tinstall Tcheck Ttotal Status Flags
r-devel-linux-x86_64-debian-clang 1.0.4 2.64 23.66 26.30 OK
r-devel-linux-x86_64-debian-gcc 1.0.4 2.24 18.88 21.12 OK
r-devel-linux-x86_64-fedora-clang 1.0.4 44.58 NOTE
r-devel-linux-x86_64-fedora-gcc 1.0.4 33.10 NOTE
r-devel-windows-x86_64-new-UL 1.0.4 19.00 66.00 85.00 OK
r-devel-windows-x86_64-new-TK 1.0.4 NOTE
r-devel-windows-x86_64-old 1.0.4 6.00 37.00 43.00 OK
r-patched-linux-x86_64 1.0.4 3.46 22.63 26.09 OK
r-patched-solaris-x86 1.0.4 49.00 NOTE
r-release-linux-x86_64 1.0.4 2.59 22.96 25.55 OK
r-release-macos-arm64 1.0.4 NOTE
r-release-macos-x86_64 1.0.4 NOTE
r-release-windows-ix86+x86_64 1.0.4 7.00 32.00 39.00 OK
r-oldrel-macos-x86_64 1.0.4 NOTE
r-oldrel-windows-ix86+x86_64 1.0.4 6.00 39.00 45.00 OK

Check Details

Version: 1.0.4
Check: dependencies in R code
Result: NOTE
    Namespace in Imports field not imported from: ‘learnr’
     All declared Imports should be used.
Flavors: r-devel-linux-x86_64-fedora-clang, r-devel-linux-x86_64-fedora-gcc, r-devel-windows-x86_64-new-TK, r-patched-solaris-x86, r-release-macos-arm64, r-release-macos-x86_64, r-oldrel-macos-x86_64