CRAN Package Check Results for Package survHE

Last updated on 2021-09-27 16:50:32 CEST.

Flavor Version Tinstall Tcheck Ttotal Status Flags
r-devel-linux-x86_64-debian-clang 1.1.2 1181.41 232.47 1413.88 NOTE
r-devel-linux-x86_64-debian-gcc 1.1.2 985.26 222.51 1207.77 NOTE
r-devel-linux-x86_64-fedora-clang 1.1.2 2011.87 NOTE
r-devel-linux-x86_64-fedora-gcc 1.1.2 2186.64 NOTE
r-devel-windows-x86_64 1.1.2 988.00 239.00 1227.00 NOTE
r-devel-windows-x86_64-gcc10-UCRT 1.1.2 NOTE
r-patched-linux-x86_64 1.1.2 1101.07 272.89 1373.96 NOTE
r-patched-solaris-x86 1.1.2 1673.60 NOTE
r-release-linux-x86_64 1.1.2 1097.06 281.87 1378.93 NOTE
r-release-macos-arm64 1.1.2 NOTE
r-release-macos-x86_64 1.1.2 NOTE
r-release-windows-ix86+x86_64 1.1.2 2619.00 339.00 2958.00 NOTE
r-oldrel-macos-x86_64 1.1.2 NOTE
r-oldrel-windows-ix86+x86_64 1.1.2 1922.00 360.00 2282.00 NOTE

Check Details

Version: 1.1.2
Check: package dependencies
Result: NOTE
    Package suggested but not available for checking: 'INLA'
Flavors: r-devel-linux-x86_64-debian-clang, r-devel-linux-x86_64-debian-gcc, r-devel-windows-x86_64-gcc10-UCRT, r-patched-linux-x86_64, r-patched-solaris-x86, r-release-linux-x86_64, r-release-macos-arm64, r-release-macos-x86_64, r-oldrel-macos-x86_64

Version: 1.1.2
Check: for GNU extensions in Makefiles
Result: NOTE
    GNU make is a SystemRequirements.
Flavors: r-devel-linux-x86_64-debian-clang, r-devel-linux-x86_64-debian-gcc, r-devel-linux-x86_64-fedora-clang, r-devel-linux-x86_64-fedora-gcc, r-devel-windows-x86_64, r-devel-windows-x86_64-gcc10-UCRT, r-patched-linux-x86_64, r-patched-solaris-x86, r-release-linux-x86_64, r-release-macos-arm64, r-release-macos-x86_64, r-release-windows-ix86+x86_64, r-oldrel-macos-x86_64, r-oldrel-windows-ix86+x86_64

Version: 1.1.2
Check: installed package size
Result: NOTE
     installed size is 126.6Mb
     sub-directories of 1Mb or more:
     libs 125.7Mb
Flavors: r-devel-linux-x86_64-fedora-clang, r-devel-windows-x86_64, r-patched-solaris-x86, r-release-macos-arm64, r-release-macos-x86_64, r-release-windows-ix86+x86_64, r-oldrel-macos-x86_64, r-oldrel-windows-ix86+x86_64

Version: 1.1.2
Check: line endings in C/C++/Fortran sources/headers
Result: NOTE
    Found the following sources/headers with CR or CRLF line endings:
     src/stan_files/Exponential.hpp
     src/stan_files/Gamma.hpp
     src/stan_files/GenF.hpp
     src/stan_files/GenGamma.hpp
     src/stan_files/Gompertz.hpp
     src/stan_files/PolyWeibull.hpp
     src/stan_files/RP.hpp
     src/stan_files/WeibullAF.hpp
     src/stan_files/WeibullPH.hpp
     src/stan_files/logLogistic.hpp
     src/stan_files/logNormal.hpp
    Some Unix compilers require LF line endings.
Flavor: r-devel-windows-x86_64-gcc10-UCRT