CRAN Package Check Results for Package survivoR

Last updated on 2021-09-16 16:50:30 CEST.

Flavor Version Tinstall Tcheck Ttotal Status Flags
r-devel-linux-x86_64-debian-clang 0.9.3 5.24 56.94 62.18 OK
r-devel-linux-x86_64-debian-gcc 0.9.3 3.78 42.74 46.52 OK
r-devel-linux-x86_64-fedora-clang 0.9.3 83.77 NOTE
r-devel-linux-x86_64-fedora-gcc 0.9.3 68.63 NOTE
r-devel-windows-x86_64 0.9.3 7.00 77.00 84.00 OK
r-devel-windows-x86_64-gcc10-UCRT 0.9.3 NOTE
r-patched-linux-x86_64 0.9.3 5.62 53.40 59.02 OK
r-patched-solaris-x86 0.9.3 108.80 NOTE
r-release-linux-x86_64 0.9.3 4.46 51.49 55.95 OK
r-release-macos-arm64 0.9.3 NOTE
r-release-macos-x86_64 0.9.3 NOTE
r-release-windows-ix86+x86_64 0.9.3 13.00 57.00 70.00 OK
r-oldrel-macos-x86_64 0.9.3 NOTE
r-oldrel-windows-ix86+x86_64 0.9.3 10.00 76.00 86.00 OK

Check Details

Version: 0.9.3
Check: data for non-ASCII characters
Result: NOTE
     Note: found 525 marked UTF-8 strings
Flavors: r-devel-linux-x86_64-fedora-clang, r-devel-linux-x86_64-fedora-gcc, r-devel-windows-x86_64-gcc10-UCRT, r-patched-solaris-x86, r-release-macos-arm64, r-release-macos-x86_64, r-oldrel-macos-x86_64