CRAN Package Check Results for Package svgViewR

Last updated on 2021-09-22 04:55:21 CEST.

Flavor Version Tinstall Tcheck Ttotal Status Flags
r-devel-linux-x86_64-debian-clang 1.4.1 28.05 75.28 103.33 OK
r-devel-linux-x86_64-debian-gcc 1.4.1 22.25 55.05 77.30 OK
r-devel-linux-x86_64-fedora-clang 1.4.1 141.60 OK
r-devel-linux-x86_64-fedora-gcc 1.4.1 122.41 OK
r-devel-windows-x86_64 1.4.1 36.00 72.00 108.00 OK
r-devel-windows-x86_64-gcc10-UCRT 1.4.1 ERROR
r-patched-linux-x86_64 1.4.1 24.01 71.75 95.76 OK
r-patched-solaris-x86 1.4.1 144.30 OK
r-release-linux-x86_64 1.4.1 25.31 72.09 97.40 OK
r-release-macos-arm64 1.4.1 OK
r-release-macos-x86_64 1.4.1 OK
r-release-windows-ix86+x86_64 1.4.1 63.00 84.00 147.00 OK
r-oldrel-macos-x86_64 1.4.1 OK
r-oldrel-windows-ix86+x86_64 1.4.1 63.00 87.00 150.00 OK

Check Details

Version: 1.4.1
Check: whether package can be installed
Result: ERROR
    Installation failed.
Flavor: r-devel-windows-x86_64-gcc10-UCRT