CRAN Package Check Results for Package svrpath

Last updated on 2024-06-13 04:52:42 CEST.

Flavor Version Tinstall Tcheck Ttotal Status Flags
r-devel-linux-x86_64-debian-clang 0.1.2 6.46 50.77 57.23 NOTE
r-devel-linux-x86_64-debian-gcc 0.1.2 5.13 38.49 43.62 NOTE
r-devel-linux-x86_64-fedora-clang 0.1.2 73.12 NOTE
r-devel-linux-x86_64-fedora-gcc 0.1.2 68.86 NOTE
r-devel-windows-x86_64 0.1.2 6.00 55.00 61.00 NOTE
r-patched-linux-x86_64 0.1.2 5.19 49.91 55.10 NOTE
r-release-linux-x86_64 0.1.2 6.66 48.29 54.95 NOTE
r-release-macos-arm64 0.1.2 22.00 NOTE
r-release-macos-x86_64 0.1.2 33.00 NOTE
r-release-windows-x86_64 0.1.2 5.00 54.00 59.00 NOTE
r-oldrel-macos-arm64 0.1.2 27.00 NOTE
r-oldrel-macos-x86_64 0.1.2 38.00 NOTE
r-oldrel-windows-x86_64 0.1.2 8.00 62.00 70.00 NOTE

Additional issues

donttest

Check Details

Version: 0.1.2
Check: LazyData
Result: NOTE 'LazyData' is specified without a 'data' directory Flavors: r-devel-linux-x86_64-debian-clang, r-devel-linux-x86_64-debian-gcc, r-devel-linux-x86_64-fedora-clang, r-devel-linux-x86_64-fedora-gcc, r-devel-windows-x86_64, r-patched-linux-x86_64, r-release-linux-x86_64, r-release-macos-arm64, r-release-macos-x86_64, r-release-windows-x86_64, r-oldrel-macos-arm64, r-oldrel-macos-x86_64, r-oldrel-windows-x86_64