CRAN Package Check Results for Package svrpath

Last updated on 2021-09-17 04:49:35 CEST.

Flavor Version Tinstall Tcheck Ttotal Status Flags
r-devel-linux-x86_64-debian-clang 0.1.2 5.62 46.75 52.37 NOTE
r-devel-linux-x86_64-debian-gcc 0.1.2 4.68 36.17 40.85 NOTE
r-devel-linux-x86_64-fedora-clang 0.1.2 73.66 NOTE
r-devel-linux-x86_64-fedora-gcc 0.1.2 61.67 NOTE
r-devel-windows-x86_64 0.1.2 9.00 50.00 59.00 NOTE
r-devel-windows-x86_64-gcc10-UCRT 0.1.2 NOTE
r-patched-linux-x86_64 0.1.2 5.61 45.81 51.42 NOTE
r-patched-solaris-x86 0.1.2 93.10 NOTE
r-release-linux-x86_64 0.1.2 4.86 44.97 49.83 NOTE
r-release-macos-arm64 0.1.2 NOTE
r-release-macos-x86_64 0.1.2 NOTE
r-release-windows-ix86+x86_64 0.1.2 14.00 46.00 60.00 NOTE
r-oldrel-macos-x86_64 0.1.2 OK
r-oldrel-windows-ix86+x86_64 0.1.2 11.00 47.00 58.00 OK

Check Details

Version: 0.1.2
Check: LazyData
Result: NOTE
     'LazyData' is specified without a 'data' directory
Flavors: r-devel-linux-x86_64-debian-clang, r-devel-linux-x86_64-debian-gcc, r-devel-linux-x86_64-fedora-clang, r-devel-linux-x86_64-fedora-gcc, r-devel-windows-x86_64, r-devel-windows-x86_64-gcc10-UCRT, r-patched-linux-x86_64, r-patched-solaris-x86, r-release-linux-x86_64, r-release-macos-arm64, r-release-macos-x86_64, r-release-windows-ix86+x86_64