CRAN Package Check Results for Package swirl

Last updated on 2021-10-20 04:55:36 CEST.

Flavor Version Tinstall Tcheck Ttotal Status Flags
r-devel-linux-x86_64-debian-clang 2.4.5 5.94 51.77 57.71 NOTE
r-devel-linux-x86_64-debian-gcc 2.4.5 5.20 39.37 44.57 NOTE
r-devel-linux-x86_64-fedora-clang 2.4.5 78.37 NOTE
r-devel-linux-x86_64-fedora-gcc 2.4.5 68.80 NOTE
r-devel-windows-x86_64 2.4.5 10.00 60.00 70.00 NOTE
r-devel-windows-x86_64-gcc10-UCRT 2.4.5 NOTE
r-patched-linux-x86_64 2.4.5 6.99 49.26 56.25 NOTE
r-patched-solaris-x86 2.4.5 102.60 NOTE
r-release-linux-x86_64 2.4.5 5.69 49.71 55.40 NOTE
r-release-macos-arm64 2.4.5 NOTE
r-release-macos-x86_64 2.4.5 NOTE
r-release-windows-ix86+x86_64 2.4.5 13.00 74.00 87.00 NOTE
r-oldrel-macos-x86_64 2.4.5 OK
r-oldrel-windows-ix86+x86_64 2.4.5 13.00 72.00 85.00 OK

Check Details

Version: 2.4.5
Check: LazyData
Result: NOTE
     'LazyData' is specified without a 'data' directory
Flavors: r-devel-linux-x86_64-debian-clang, r-devel-linux-x86_64-debian-gcc, r-devel-linux-x86_64-fedora-clang, r-devel-linux-x86_64-fedora-gcc, r-devel-windows-x86_64, r-devel-windows-x86_64-gcc10-UCRT, r-patched-linux-x86_64, r-patched-solaris-x86, r-release-linux-x86_64, r-release-macos-arm64, r-release-macos-x86_64, r-release-windows-ix86+x86_64