CRAN Package Check Results for Package switchboard

Last updated on 2024-07-19 04:56:51 CEST.

Flavor Version Tinstall Tcheck Ttotal Status Flags
r-devel-linux-x86_64-debian-clang 0.1 6.50 52.35 58.85 NOTE
r-devel-linux-x86_64-debian-gcc 0.1 5.35 38.99 44.34 NOTE
r-devel-linux-x86_64-fedora-clang 0.1 75.77 NOTE
r-devel-linux-x86_64-fedora-gcc 0.1 85.48 NOTE
r-devel-windows-x86_64 0.1 7.00 73.00 80.00 NOTE
r-patched-linux-x86_64 0.1 9.30 51.65 60.95 NOTE
r-release-linux-x86_64 0.1 6.16 50.88 57.04 NOTE
r-release-macos-arm64 0.1 35.00 NOTE
r-release-macos-x86_64 0.1 56.00 NOTE
r-release-windows-x86_64 0.1 6.00 71.00 77.00 NOTE
r-oldrel-macos-arm64 0.1 32.00 NOTE
r-oldrel-macos-x86_64 0.1 48.00 NOTE
r-oldrel-windows-x86_64 0.1 6.00 76.00 82.00 NOTE

Check Details

Version: 0.1
Check: package subdirectories
Result: NOTE Problems with news in ‘NEWS.md’: Cannot extract version info from the following section titles: pre-release switchboard (2020 - 2021) Flavors: r-devel-linux-x86_64-debian-clang, r-devel-linux-x86_64-debian-gcc, r-devel-linux-x86_64-fedora-clang, r-devel-linux-x86_64-fedora-gcc, r-devel-windows-x86_64, r-patched-linux-x86_64, r-release-linux-x86_64, r-release-macos-arm64, r-release-macos-x86_64, r-release-windows-x86_64, r-oldrel-macos-arm64, r-oldrel-macos-x86_64, r-oldrel-windows-x86_64