Last updated on 2023-12-03 09:54:18 CET.
Flavor | Version | Tinstall | Tcheck | Ttotal | Status | Flags |
---|---|---|---|---|---|---|
r-devel-linux-x86_64-debian-clang | 0.8.8 | 4.66 | 24.81 | 29.47 | OK | |
r-devel-linux-x86_64-debian-gcc | 0.8.8 | 3.65 | 19.46 | 23.11 | OK | |
r-devel-linux-x86_64-fedora-clang | 0.8.8 | 39.48 | OK | |||
r-devel-linux-x86_64-fedora-gcc | 0.8.8 | 36.72 | OK | |||
r-devel-windows-x86_64 | 0.8.8 | 13.00 | 57.00 | 70.00 | OK | |
r-patched-linux-x86_64 | 0.8.8 | 5.16 | 25.10 | 30.26 | OK | |
r-release-linux-x86_64 | 0.8.8 | 4.75 | 25.15 | 29.90 | OK | |
r-release-macos-arm64 | 0.8.8 | 28.00 | NOTE | |||
r-release-macos-x86_64 | 0.8.8 | 33.00 | NOTE | |||
r-release-windows-x86_64 | 0.8.8 | 18.00 | 58.00 | 76.00 | OK | |
r-oldrel-macos-arm64 | 0.8.8 | 22.00 | NOTE | |||
r-oldrel-macos-x86_64 | 0.8.8 | 32.00 | NOTE | |||
r-oldrel-windows-x86_64 | 0.8.8 | 7.00 | 54.00 | 61.00 | OK |
Version: 0.8.8
Check: installed package size
Result: NOTE
installed size is 19.5Mb
sub-directories of 1Mb or more:
fonts 1.7Mb
libs 17.6Mb
Flavors: r-release-macos-arm64, r-release-macos-x86_64, r-oldrel-macos-arm64, r-oldrel-macos-x86_64