CRAN Package Check Results for Package sysfonts

Last updated on 2021-10-20 10:53:21 CEST.

Flavor Version Tinstall Tcheck Ttotal Status Flags
r-devel-linux-x86_64-debian-clang 0.8.5 3.78 22.53 26.31 OK
r-devel-linux-x86_64-debian-gcc 0.8.5 3.17 17.74 20.91 OK
r-devel-linux-x86_64-fedora-clang 0.8.5 44.09 OK
r-devel-linux-x86_64-fedora-gcc 0.8.5 33.71 OK
r-devel-windows-x86_64 0.8.5 9.00 37.00 46.00 OK
r-devel-windows-x86_64-gcc10-UCRT 0.8.5 OK
r-patched-linux-x86_64 0.8.5 3.76 22.40 26.16 OK
r-patched-solaris-x86 0.8.5 52.40 OK
r-release-linux-x86_64 0.8.5 3.92 22.70 26.62 OK
r-release-macos-arm64 0.8.5 NOTE
r-release-macos-x86_64 0.8.5 NOTE
r-release-windows-ix86+x86_64 0.8.5 10.00 51.00 61.00 OK
r-oldrel-macos-x86_64 0.8.5 NOTE
r-oldrel-windows-ix86+x86_64 0.8.5 12.00 51.00 63.00 OK

Check Details

Version: 0.8.5
Check: installed package size
Result: NOTE
     installed size is 17.9Mb
     sub-directories of 1Mb or more:
     fonts 1.7Mb
     libs 16.1Mb
Flavors: r-release-macos-arm64, r-release-macos-x86_64, r-oldrel-macos-x86_64