CRAN Package Check Results for Package sysid

Last updated on 2021-12-02 15:52:55 CET.

Flavor Version Tinstall Tcheck Ttotal Status Flags
r-devel-linux-x86_64-debian-clang 1.0.4 8.27 74.52 82.79 NOTE
r-devel-linux-x86_64-debian-gcc 1.0.4 6.36 54.57 60.93 NOTE
r-devel-linux-x86_64-fedora-clang 1.0.4 116.32 NOTE
r-devel-linux-x86_64-fedora-gcc 1.0.4 96.56 NOTE
r-devel-windows-x86_64-new-UL 1.0.4 20.00 122.00 142.00 OK
r-devel-windows-x86_64-new-TK 1.0.4 OK
r-devel-windows-x86_64-old 1.0.4 13.00 77.00 90.00 OK
r-patched-linux-x86_64 1.0.4 8.37 68.93 77.30 NOTE
r-patched-solaris-x86 1.0.4 131.50 NOTE
r-release-linux-x86_64 1.0.4 7.32 68.07 75.39 NOTE
r-release-macos-arm64 1.0.4 OK
r-release-macos-x86_64 1.0.4 OK
r-release-windows-ix86+x86_64 1.0.4 18.00 98.00 116.00 OK
r-oldrel-macos-x86_64 1.0.4 OK
r-oldrel-windows-ix86+x86_64 1.0.4 18.00 100.00 118.00 OK

Check Details

Version: 1.0.4
Check: for non-standard things in the check directory
Result: NOTE
    Found the following files/directories:
     'test.csv'
Flavors: r-devel-linux-x86_64-debian-clang, r-devel-linux-x86_64-debian-gcc, r-devel-linux-x86_64-fedora-clang, r-devel-linux-x86_64-fedora-gcc, r-patched-linux-x86_64, r-patched-solaris-x86, r-release-linux-x86_64