CRAN Package Check Results for Package systemfonts

Last updated on 2021-07-24 07:49:41 CEST.

Flavor Version Tinstall Tcheck Ttotal Status Flags
r-devel-linux-x86_64-debian-clang 1.0.2 40.45 29.28 69.73 OK
r-devel-linux-x86_64-debian-gcc 1.0.2 29.99 23.10 53.09 OK
r-devel-linux-x86_64-fedora-clang 1.0.2 112.51 OK
r-devel-linux-x86_64-fedora-gcc 1.0.2 96.02 OK
r-devel-windows-x86_64 1.0.2 56.00 47.00 103.00 OK
r-devel-windows-x86_64-gcc10-UCRT 1.0.2 OK
r-patched-linux-x86_64 1.0.2 39.80 28.19 67.99 OK
r-patched-solaris-x86 1.0.2 115.00 OK
r-release-linux-x86_64 1.0.2 38.48 28.85 67.33 OK
r-release-macos-arm64 1.0.2 NOTE
r-release-macos-x86_64 1.0.2 NOTE
r-release-windows-ix86+x86_64 1.0.2 131.00 81.00 212.00 OK
r-oldrel-macos-x86_64 1.0.2 NOTE
r-oldrel-windows-ix86+x86_64 1.0.2 143.00 81.00 224.00 OK

Check Details

Version: 1.0.2
Check: installed package size
Result: NOTE
     installed size is 20.4Mb
     sub-directories of 1Mb or more:
     libs 20.1Mb
Flavors: r-release-macos-arm64, r-release-macos-x86_64, r-oldrel-macos-x86_64