CRAN Package Check Results for Package table1

Last updated on 2021-10-16 19:52:36 CEST.

Flavor Version Tinstall Tcheck Ttotal Status Flags
r-devel-linux-x86_64-debian-clang 1.4.2 3.75 43.85 47.60 OK
r-devel-linux-x86_64-debian-gcc 1.4.2 2.67 33.56 36.23 OK
r-devel-linux-x86_64-fedora-clang 1.4.2 65.35 OK
r-devel-linux-x86_64-fedora-gcc 1.4.2 54.18 OK
r-devel-windows-x86_64 1.4.2 5.00 52.00 57.00 OK
r-devel-windows-x86_64-gcc10-UCRT 1.4.2 WARN
r-patched-linux-x86_64 1.4.2 4.39 42.48 46.87 OK
r-patched-solaris-x86 1.4.2 65.60 OK
r-release-linux-x86_64 1.4.2 4.00 42.15 46.15 OK
r-release-macos-arm64 1.4.2 OK
r-release-macos-x86_64 1.4.2 WARN
r-release-windows-ix86+x86_64 1.4.2 8.00 74.00 82.00 OK
r-oldrel-macos-x86_64 1.4.2 WARN
r-oldrel-windows-ix86+x86_64 1.4.2 8.00 71.00 79.00 OK

Check Details

Version: 1.4.2
Check: re-building of vignette outputs
Result: WARN
    Error(s) in re-building vignettes:
    --- re-building 'table1-examples.Rmd' using rmarkdown
    
    Attaching package: 'table1'
    
    The following objects are masked from 'package:base':
    
     units, units<-
    
    --- finished re-building 'table1-examples.Rmd'
    
    --- re-building 'table1-latex.Rmd' using rmarkdown
    
    Attaching package: 'flextable'
    
    The following objects are masked from 'package:kableExtra':
    
     as_image, footnote
    
    ! LaTeX Error: File `tabu.sty' not found.
    
    ! Emergency stop.
    <read *>
    
    Error: processing vignette 'table1-latex.Rmd' failed with diagnostics:
    LaTeX failed to compile C:/r_packages/pkgcheck/CRAN/table1/table1.Rcheck/vign_test/table1/vignettes/table1-latex.tex. See https://yihui.org/tinytex/r/#debugging for debugging tips. See table1-latex.log for more info.
    --- failed re-building 'table1-latex.Rmd'
    
    SUMMARY: processing the following file failed:
     'table1-latex.Rmd'
    
    Error: Vignette re-building failed.
    Execution halted
Flavor: r-devel-windows-x86_64-gcc10-UCRT

Version: 1.4.2
Check: re-building of vignette outputs
Result: WARN
    Error(s) in re-building vignettes:
    --- re-building ‘table1-examples.Rmd’ using rmarkdown
    Warning in engine$weave(file, quiet = quiet, encoding = enc) :
     Pandoc (>= 1.12.3) not available. Falling back to R Markdown v1.
    
    Attaching package: 'table1'
    
    The following objects are masked from 'package:base':
    
     units, units<-
    
    Quitting from lines 515-519 (table1-examples.Rmd)
    Error: processing vignette 'table1-examples.Rmd' failed with diagnostics:
    subscript out of bounds
    --- failed re-building ‘table1-examples.Rmd’
    
    --- re-building ‘table1-latex.Rmd’ using rmarkdown
    Warning in engine$weave(file, quiet = quiet, encoding = enc) :
     Pandoc (>= 1.12.3) not available. Falling back to R Markdown v1.
    
    Attaching package: 'flextable'
    
    The following objects are masked from 'package:kableExtra':
    
     as_image, footnote
    
    
    Attaching package: 'table1'
    
    The following objects are masked from 'package:base':
    
     units, units<-
    
    --- finished re-building ‘table1-latex.Rmd’
    
    SUMMARY: processing the following file failed:
     ‘table1-examples.Rmd’
    
    Error: Vignette re-building failed.
    Execution halted
Flavors: r-release-macos-x86_64, r-oldrel-macos-x86_64