CRAN Package Check Results for Package table1

Last updated on 2021-07-28 22:58:10 CEST.

Flavor Version Tinstall Tcheck Ttotal Status Flags
r-devel-linux-x86_64-debian-clang 1.4.2 OK
r-devel-linux-x86_64-debian-gcc 1.4.2 2.55 35.51 38.06 OK
r-devel-linux-x86_64-fedora-clang 1.4.2 65.71 OK
r-devel-linux-x86_64-fedora-gcc 1.4.2 56.75 OK
r-devel-windows-x86_64 1.4.2 5.00 69.00 74.00 OK
r-devel-windows-x86_64-gcc10-UCRT 1.4.2 OK
r-patched-linux-x86_64 1.4.2 4.27 43.81 48.08 OK
r-patched-solaris-x86 1.4.2 72.50 WARN
r-release-linux-x86_64 1.4.2 3.77 43.16 46.93 OK
r-release-macos-arm64 1.4.2 WARN
r-release-macos-x86_64 1.4.2 WARN
r-release-windows-ix86+x86_64 1.4.2 7.00 68.00 75.00 OK
r-oldrel-macos-x86_64 1.4.2 WARN
r-oldrel-windows-ix86+x86_64 1.4.2 5.00 68.00 73.00 OK

Check Details

Version: 1.4.2
Check: re-building of vignette outputs
Result: WARN
    Error(s) in re-building vignettes:
     ...
    --- re-building ‘table1-examples.Rmd’ using rmarkdown
    Warning in engine$weave(file, quiet = quiet, encoding = enc) :
     Pandoc (>= 1.12.3) not available. Falling back to R Markdown v1.
    
    Attaching package: 'table1'
    
    The following objects are masked from 'package:base':
    
     units, units<-
    
    Quitting from lines 515-519 (table1-examples.Rmd)
    Error: processing vignette 'table1-examples.Rmd' failed with diagnostics:
    subscript out of bounds
    --- failed re-building ‘table1-examples.Rmd’
    
    --- re-building ‘table1-latex.Rmd’ using rmarkdown
    Warning in engine$weave(file, quiet = quiet, encoding = enc) :
     Pandoc (>= 1.12.3) not available. Falling back to R Markdown v1.
    
    Attaching package: 'flextable'
    
    The following objects are masked from 'package:kableExtra':
    
     as_image, footnote
    
    
    Attaching package: 'table1'
    
    The following objects are masked from 'package:base':
    
     units, units<-
    
    --- finished re-building ‘table1-latex.Rmd’
    
    SUMMARY: processing the following file failed:
     ‘table1-examples.Rmd’
    
    Error: Vignette re-building failed.
    Execution halted
Flavor: r-patched-solaris-x86

Version: 1.4.2
Check: re-building of vignette outputs
Result: WARN
    Error(s) in re-building vignettes:
    --- re-building ‘table1-examples.Rmd’ using rmarkdown
    Warning in engine$weave(file, quiet = quiet, encoding = enc) :
     Pandoc (>= 1.12.3) not available. Falling back to R Markdown v1.
    
    Attaching package: 'table1'
    
    The following objects are masked from 'package:base':
    
     units, units<-
    
    Quitting from lines 515-519 (table1-examples.Rmd)
    Error: processing vignette 'table1-examples.Rmd' failed with diagnostics:
    subscript out of bounds
    --- failed re-building ‘table1-examples.Rmd’
    
    --- re-building ‘table1-latex.Rmd’ using rmarkdown
    Warning in engine$weave(file, quiet = quiet, encoding = enc) :
     Pandoc (>= 1.12.3) not available. Falling back to R Markdown v1.
    
    Attaching package: 'flextable'
    
    The following objects are masked from 'package:kableExtra':
    
     as_image, footnote
    
    
    Attaching package: 'table1'
    
    The following objects are masked from 'package:base':
    
     units, units<-
    
    --- finished re-building ‘table1-latex.Rmd’
    
    SUMMARY: processing the following file failed:
     ‘table1-examples.Rmd’
    
    Error: Vignette re-building failed.
    Execution halted
Flavors: r-release-macos-arm64, r-release-macos-x86_64, r-oldrel-macos-x86_64