Last updated on 2025-01-14 03:49:41 CET.
Flavor | Version | Tinstall | Tcheck | Ttotal | Status | Flags |
---|---|---|---|---|---|---|
r-devel-linux-x86_64-debian-clang | 0.0.1 | 13.53 | 40.50 | 54.03 | NOTE | |
r-devel-linux-x86_64-debian-gcc | 0.0.1 | 9.53 | 29.64 | 39.17 | NOTE | |
r-devel-linux-x86_64-fedora-clang | 0.0.1 | 92.69 | OK | |||
r-devel-linux-x86_64-fedora-gcc | 0.0.1 | 86.56 | OK | |||
r-devel-windows-x86_64 | 0.0.1 | 17.00 | 79.00 | 96.00 | NOTE | |
r-patched-linux-x86_64 | 0.0.1 | 20.10 | 38.15 | 58.25 | OK | |
r-release-linux-x86_64 | 0.0.1 | 13.64 | 38.28 | 51.92 | OK | |
r-release-macos-arm64 | 0.0.1 | 29.00 | OK | |||
r-release-macos-x86_64 | 0.0.1 | 41.00 | OK | |||
r-release-windows-x86_64 | 0.0.1 | 19.00 | 76.00 | 95.00 | OK | |
r-oldrel-macos-arm64 | 0.0.1 | 31.00 | OK | |||
r-oldrel-macos-x86_64 | 0.0.1 | 48.00 | OK | |||
r-oldrel-windows-x86_64 | 0.0.1 | 20.00 | 91.00 | 111.00 | OK |
Version: 0.0.1
Check: Rd cross-references
Result: NOTE
Found the following Rd file(s) with Rd \link{} targets missing package
anchors:
medic.Rd: bind
Please provide package anchors for all Rd \link{} targets not in the
package itself and the base packages.
Flavors: r-devel-linux-x86_64-debian-clang, r-devel-linux-x86_64-debian-gcc, r-devel-windows-x86_64