CRAN Package Check Results for Package tangram

Last updated on 2024-07-15 16:56:36 CEST.

Flavor Version Tinstall Tcheck Ttotal Status Flags
r-devel-linux-x86_64-debian-clang 0.8.2 18.60 84.77 103.37 OK
r-devel-linux-x86_64-debian-gcc 0.8.2 15.99 61.05 77.04 OK
r-devel-linux-x86_64-fedora-clang 0.8.2 126.67 OK
r-devel-linux-x86_64-fedora-gcc 0.8.2 119.09 OK
r-devel-windows-x86_64 0.8.2 17.00 99.00 116.00 NOTE
r-patched-linux-x86_64 0.8.2 24.22 78.07 102.29 OK
r-release-linux-x86_64 0.8.2 18.33 79.53 97.86 OK
r-release-macos-arm64 0.8.2 34.00 OK
r-release-macos-x86_64 0.8.2 52.00 OK
r-release-windows-x86_64 0.8.2 16.00 99.00 115.00 OK
r-oldrel-macos-arm64 0.8.2 38.00 OK
r-oldrel-macos-x86_64 0.8.2 55.00 OK
r-oldrel-windows-x86_64 0.8.2 20.00 114.00 134.00 OK

Check Details

Version: 0.8.2
Check: Rd cross-references
Result: NOTE Found the following Rd file(s) with Rd \link{} targets missing package anchors: ASTBranch.Rd: R6Class ASTFunction.Rd: R6Class ASTMultiply.Rd: R6Class ASTPlus.Rd: R6Class ASTTableFormula.Rd: R6Class ASTVariable.Rd: R6Class Parser.Rd: R6Class Token.Rd: R6Class Please provide package anchors for all Rd \link{} targets not in the package itself and the base packages. Flavor: r-devel-windows-x86_64