CRAN Package Check Results for Package targets

Last updated on 2022-01-25 09:48:53 CET.

Flavor Version Tinstall Tcheck Ttotal Status Flags
r-devel-linux-x86_64-debian-clang 0.10.0 26.73 268.56 295.29 OK
r-devel-linux-x86_64-debian-gcc 0.10.0 25.49 199.22 224.71 OK
r-devel-linux-x86_64-fedora-clang 0.10.0 370.83 OK
r-devel-linux-x86_64-fedora-gcc 0.10.0 344.23 OK
r-devel-windows-x86_64-new-UL 0.10.0 388.00 414.00 802.00 OK
r-devel-windows-x86_64-new-TK 0.10.0 OK
r-patched-linux-x86_64 0.10.0 28.09 249.69 277.78 OK
r-release-linux-x86_64 0.10.0 29.83 246.23 276.06 OK
r-release-macos-arm64 0.10.0 OK
r-release-macos-x86_64 0.10.0 WARN --as-cran
r-release-windows-ix86+x86_64 0.10.0 51.00 297.00 348.00 OK
r-oldrel-macos-x86_64 0.9.0 OK
r-oldrel-windows-ix86+x86_64 0.10.0 51.00 309.00 360.00 OK

Check Details

Version: 0.10.0
Flags: --as-cran
Check: CRAN incoming feasibility
Result: WARN
    Maintainer: ‘William Michael Landau <will.landau@gmail.com>’
    
    Insufficient package version (submitted: 0.10.0, existing: 0.10.0)
    
    Days since last update: 1
Flavor: r-release-macos-x86_64

Version: 0.10.0
Flags: --as-cran
Check: top-level files
Result: NOTE
    Files ‘README.md’ or ‘NEWS.md’ cannot be checked without ‘pandoc’ being installed.
Flavor: r-release-macos-x86_64