CRAN Package Check Results for Package tbart

Last updated on 2021-09-27 19:50:36 CEST.

Flavor Version Tinstall Tcheck Ttotal Status Flags
r-devel-linux-x86_64-debian-clang 1.0 22.84 42.84 65.68 OK
r-devel-linux-x86_64-debian-gcc 1.0 13.61 33.64 47.25 OK
r-devel-linux-x86_64-fedora-clang 1.0 93.72 NOTE
r-devel-linux-x86_64-fedora-gcc 1.0 77.03 NOTE
r-devel-windows-x86_64 1.0 27.00 55.00 82.00 OK
r-devel-windows-x86_64-gcc10-UCRT 1.0 OK
r-patched-linux-x86_64 1.0 17.51 39.14 56.65 OK
r-patched-solaris-x86 1.0 98.50 OK
r-release-linux-x86_64 1.0 17.67 39.50 57.17 OK
r-release-macos-arm64 1.0 OK
r-release-macos-x86_64 1.0 OK
r-release-windows-ix86+x86_64 1.0 55.00 75.00 130.00 OK
r-oldrel-macos-x86_64 1.0 OK
r-oldrel-windows-ix86+x86_64 1.0 38.00 70.00 108.00 OK

Check Details

Version: 1.0
Check: compiled code
Result: NOTE
    File ‘tbart/libs/tbart.so’:
     Found no calls to: ‘R_registerRoutines’, ‘R_useDynamicSymbols’
    
    It is good practice to register native routines and to disable symbol
    search.
    
    See ‘Writing portable packages’ in the ‘Writing R Extensions’ manual.
Flavors: r-devel-linux-x86_64-fedora-clang, r-devel-linux-x86_64-fedora-gcc