CRAN Package Check Results for Package teachingApps

Last updated on 2024-02-27 09:54:10 CET.

Flavor Version Tinstall Tcheck Ttotal Status Flags
r-devel-linux-x86_64-debian-clang 1.0.8 262.14 102.86 365.00 WARN
r-devel-linux-x86_64-debian-gcc 1.0.8 195.49 76.11 271.60 WARN
r-devel-linux-x86_64-fedora-clang 1.0.8 571.96 WARN
r-devel-linux-x86_64-fedora-gcc 1.0.8 516.35 WARN
r-devel-windows-x86_64 1.0.8 194.00 109.00 303.00 NOTE
r-patched-linux-x86_64 1.0.8 186.31 98.17 284.48 WARN
r-release-linux-x86_64 1.0.8 180.01 97.14 277.15 WARN
r-release-macos-arm64 1.0.8 116.00 NOTE
r-release-macos-x86_64 1.0.8 222.00 NOTE
r-release-windows-x86_64 1.0.8 248.00 136.00 384.00 NOTE
r-oldrel-macos-arm64 1.0.8 109.00 NOTE
r-oldrel-windows-x86_64 1.0.8 245.00 135.00 380.00 NOTE

Check Details

Version: 1.0.8
Check: whether package can be installed
Result: WARN Found the following significant warnings: /home/hornik/tmp/R.check/r-devel-clang/Work/build/Packages/BH/include/boost/math/tools/config.hpp:23:6: warning: "The minimum language standard to use Boost.Math will be C++14 starting in July 2023 (Boost 1.82 release)" [-W#warnings] See ‘/home/hornik/tmp/R.check/r-devel-clang/Work/PKGS/teachingApps.Rcheck/00install.out’ for details. * used C++ compiler: ‘Debian clang version 17.0.6 (5)’ Flavor: r-devel-linux-x86_64-debian-clang

Version: 1.0.8
Check: C++ specification
Result: NOTE Specified C++11: please drop specification unless essential Flavors: r-devel-linux-x86_64-debian-clang, r-devel-linux-x86_64-debian-gcc, r-devel-linux-x86_64-fedora-clang, r-devel-linux-x86_64-fedora-gcc, r-devel-windows-x86_64, r-patched-linux-x86_64, r-release-linux-x86_64, r-release-macos-arm64, r-release-macos-x86_64, r-release-windows-x86_64

Version: 1.0.8
Check: Rd files
Result: NOTE checkRd: (-1) teachingApp.Rd:66: Lost braces 66 | code{link{create_logo}} | ^ checkRd: (-1) teachingApp.Rd:66: Lost braces 66 | code{link{create_logo}} | ^ checkRd: (-1) teachingApp.Rd:68: Lost braces 68 | code{link{add_logo}} | ^ checkRd: (-1) teachingApp.Rd:68: Lost braces 68 | code{link{add_logo}} | ^ Flavors: r-devel-linux-x86_64-debian-clang, r-devel-linux-x86_64-debian-gcc, r-devel-linux-x86_64-fedora-clang, r-devel-linux-x86_64-fedora-gcc

Version: 1.0.8
Check: LazyData
Result: NOTE 'LazyData' is specified without a 'data' directory Flavors: r-devel-linux-x86_64-debian-clang, r-devel-linux-x86_64-debian-gcc, r-devel-linux-x86_64-fedora-clang, r-devel-linux-x86_64-fedora-gcc, r-devel-windows-x86_64, r-patched-linux-x86_64, r-release-linux-x86_64, r-release-macos-arm64, r-release-macos-x86_64, r-release-windows-x86_64, r-oldrel-macos-arm64, r-oldrel-windows-x86_64

Version: 1.0.8
Check: whether package can be installed
Result: WARN Found the following significant warnings: /home/hornik/tmp/R.check/r-devel-gcc/Work/build/Packages/BH/include/boost/math/tools/config.hpp:23:6: warning: #warning before C++23 is a GCC extension See ‘/home/hornik/tmp/R.check/r-devel-gcc/Work/PKGS/teachingApps.Rcheck/00install.out’ for details. * used C++ compiler: ‘g++-13 (Debian 13.2.0-13) 13.2.0’ Flavor: r-devel-linux-x86_64-debian-gcc

Version: 1.0.8
Check: whether package can be installed
Result: WARN Found the following significant warnings: /data/gannet/ripley/R/test-clang/BH/include/boost/math/tools/config.hpp:23:6: warning: "The minimum language standard to use Boost.Math will be C++14 starting in July 2023 (Boost 1.82 release)" [-W#warnings] See ‘/data/gannet/ripley/R/packages/tests-clang/teachingApps.Rcheck/00install.out’ for details. * used C++ compiler: ‘clang version 18.1.0rc’ Flavor: r-devel-linux-x86_64-fedora-clang

Version: 1.0.8
Check: installed package size
Result: NOTE installed size is 5.8Mb sub-directories of 1Mb or more: apps 3.2Mb Flavors: r-devel-linux-x86_64-fedora-clang, r-release-macos-arm64, r-release-macos-x86_64, r-oldrel-macos-arm64

Version: 1.0.8
Check: whether package can be installed
Result: WARN Found the following significant warnings: /data/gannet/ripley/R/test-dev/BH/include/boost/math/tools/config.hpp:23:6: warning: #warning before C++23 is a GCC extension See ‘/data/gannet/ripley/R/packages/tests-devel/teachingApps.Rcheck/00install.out’ for details. * used C++ compiler: ‘g++-13 (GCC) 13.2.0’ Flavor: r-devel-linux-x86_64-fedora-gcc

Version: 1.0.8
Check: whether package can be installed
Result: WARN Found the following significant warnings: /home/hornik/tmp/R.check/r-patched-gcc/Work/build/Packages/BH/include/boost/math/tools/config.hpp:23:6: warning: #warning before C++23 is a GCC extension See ‘/home/hornik/tmp/R.check/r-patched-gcc/Work/PKGS/teachingApps.Rcheck/00install.out’ for details. * used C++ compiler: ‘g++-13 (Debian 13.2.0-13) 13.2.0’ Flavor: r-patched-linux-x86_64

Version: 1.0.8
Check: whether package can be installed
Result: WARN Found the following significant warnings: /home/hornik/tmp/R.check/r-release-gcc/Work/build/Packages/BH/include/boost/math/tools/config.hpp:23:6: warning: #warning before C++23 is a GCC extension See ‘/home/hornik/tmp/R.check/r-release-gcc/Work/PKGS/teachingApps.Rcheck/00install.out’ for details. * used C++ compiler: ‘g++-13 (Debian 13.2.0-13) 13.2.0’ Flavor: r-release-linux-x86_64