CRAN Package Check Results for Package tetraclasse

Last updated on 2021-09-28 01:49:41 CEST.

Flavor Version Tinstall Tcheck Ttotal Status Flags
r-devel-linux-x86_64-debian-clang 0.1.21 6.16 58.60 64.76 NOTE
r-devel-linux-x86_64-debian-gcc 0.1.21 4.99 44.54 49.53 NOTE
r-devel-linux-x86_64-fedora-clang 0.1.21 87.78 NOTE
r-devel-linux-x86_64-fedora-gcc 0.1.21 74.16 NOTE
r-devel-windows-x86_64 0.1.21 8.00 62.00 70.00 NOTE
r-devel-windows-x86_64-gcc10-UCRT 0.1.21 NOTE
r-patched-linux-x86_64 0.1.21 5.75 54.46 60.21 NOTE
r-patched-solaris-x86 0.1.21 111.30 NOTE
r-release-linux-x86_64 0.1.21 5.03 54.80 59.83 NOTE
r-release-macos-arm64 0.1.21 NOTE
r-release-macos-x86_64 0.1.21 NOTE
r-release-windows-ix86+x86_64 0.1.21 18.00 58.00 76.00 NOTE
r-oldrel-macos-x86_64 0.1.21 OK
r-oldrel-windows-ix86+x86_64 0.1.21 15.00 60.00 75.00 OK

Check Details

Version: 0.1.21
Check: LazyData
Result: NOTE
     'LazyData' is specified without a 'data' directory
Flavors: r-devel-linux-x86_64-debian-clang, r-devel-linux-x86_64-debian-gcc, r-devel-linux-x86_64-fedora-clang, r-devel-linux-x86_64-fedora-gcc, r-devel-windows-x86_64, r-devel-windows-x86_64-gcc10-UCRT, r-patched-linux-x86_64, r-patched-solaris-x86, r-release-linux-x86_64, r-release-macos-arm64, r-release-macos-x86_64, r-release-windows-ix86+x86_64