CRAN Package Check Results for Package texreg

Last updated on 2021-09-18 13:53:53 CEST.

Flavor Version Tinstall Tcheck Ttotal Status Flags
r-devel-linux-x86_64-debian-clang 1.37.5 16.39 145.38 161.77 OK
r-devel-linux-x86_64-debian-gcc 1.37.5 15.53 106.69 122.22 OK
r-devel-linux-x86_64-fedora-clang 1.37.5 208.31 NOTE
r-devel-linux-x86_64-fedora-gcc 1.37.5 162.24 OK
r-devel-windows-x86_64 1.37.5 19.00 167.00 186.00 OK
r-devel-windows-x86_64-gcc10-UCRT 1.37.5 OK
r-patched-linux-x86_64 1.37.5 21.46 139.13 160.59 OK
r-patched-solaris-x86 1.37.5 222.40 NOTE
r-release-linux-x86_64 1.37.5 16.28 137.29 153.57 OK
r-release-macos-arm64 1.37.5 OK
r-release-macos-x86_64 1.37.5 OK
r-release-windows-ix86+x86_64 1.37.5 31.00 121.00 152.00 OK
r-oldrel-macos-x86_64 1.37.5 NOTE
r-oldrel-windows-ix86+x86_64 1.37.5 28.00 123.00 151.00 OK

Check Details

Version: 1.37.5
Check: Rd cross-references
Result: NOTE
    Undeclared packages ‘h2o’, ‘eha’, ‘mfx’, ‘betareg’, ‘brglm’, ‘censReg’, ‘ergm’, ‘latentnet’, ‘fGarch’, ‘gee’, ‘geepack’, ‘gmm’, ‘robustbase’, ‘gnm’, ‘pscl’, ‘robust’, ‘sna’, ‘lqmm’, ‘rms’, ‘erer’, ‘mhurdle’, ‘oglmx’, ‘panelAR’, ‘pglm’, ‘relevent’, ‘quantreg’, ‘spatialreg’, ‘sampleSelection’, ‘RSiena’, ‘simex’, ‘tergm’, ‘survey’, ‘systemfit’, ‘metaSEM’ in Rd xrefs
Flavor: r-devel-linux-x86_64-fedora-clang

Version: 1.37.5
Check: package dependencies
Result: NOTE
    Package which this enhances but not available for checking: ‘glmmTMB’
Flavor: r-patched-solaris-x86

Version: 1.37.5
Check: package dependencies
Result: NOTE
    Package which this enhances but not available for checking: ‘Zelig’
Flavor: r-oldrel-macos-x86_64

Version: 1.37.5
Check: Rd cross-references
Result: NOTE
    Unknown package ‘Zelig’ in Rd xrefs
Flavor: r-oldrel-macos-x86_64