CRAN Package Check Results for Package textshaping

Last updated on 2021-07-25 01:51:03 CEST.

Flavor Version Tinstall Tcheck Ttotal Status Flags
r-devel-linux-x86_64-debian-clang 0.3.5 17.55 24.08 41.63 OK
r-devel-linux-x86_64-debian-gcc 0.3.5 12.40 18.84 31.24 OK
r-devel-linux-x86_64-fedora-clang 0.3.5 67.32 OK
r-devel-linux-x86_64-fedora-gcc 0.3.5 52.13 OK
r-devel-windows-x86_64 0.3.5 23.00 37.00 60.00 OK
r-devel-windows-x86_64-gcc10-UCRT 0.3.5 OK
r-patched-linux-x86_64 0.3.5 14.64 23.23 37.87 OK
r-patched-solaris-x86 0.3.5 60.20 OK
r-release-linux-x86_64 0.3.5 14.43 23.52 37.95 OK
r-release-macos-arm64 0.3.5 NOTE
r-release-macos-x86_64 0.3.5 OK
r-release-windows-ix86+x86_64 0.3.5 51.00 61.00 112.00 OK
r-oldrel-macos-x86_64 0.3.5 OK
r-oldrel-windows-ix86+x86_64 0.3.5 56.00 63.00 119.00 OK

Check Details

Version: 0.3.5
Check: installed package size
Result: NOTE
     installed size is 18.2Mb
     sub-directories of 1Mb or more:
     libs 18.0Mb
Flavor: r-release-macos-arm64