CRAN Package Check Results for Package tfCox

Last updated on 2021-09-20 22:55:56 CEST.

Flavor Version Tinstall Tcheck Ttotal Status Flags
r-devel-linux-x86_64-debian-clang 0.1.0 32.88 45.88 78.76 OK
r-devel-linux-x86_64-debian-gcc 0.1.0 21.81 35.82 57.63 OK
r-devel-linux-x86_64-fedora-clang 0.1.0 111.44 OK
r-devel-linux-x86_64-fedora-gcc 0.1.0 93.22 OK
r-devel-windows-x86_64 0.1.0 48.00 58.00 106.00 OK
r-devel-windows-x86_64-gcc10-UCRT 0.1.0 ERROR
r-patched-linux-x86_64 0.1.0 24.64 44.68 69.32 OK
r-patched-solaris-x86 0.1.0 129.40 OK
r-release-linux-x86_64 0.1.0 25.85 45.76 71.61 OK
r-release-macos-arm64 0.1.0 OK
r-release-macos-x86_64 0.1.0 OK
r-release-windows-ix86+x86_64 0.1.0 111.00 76.00 187.00 OK
r-oldrel-macos-x86_64 0.1.0 OK
r-oldrel-windows-ix86+x86_64 0.1.0 106.00 81.00 187.00 OK

Check Details

Version: 0.1.0
Check: whether package can be installed
Result: ERROR
    Installation failed.
Flavor: r-devel-windows-x86_64-gcc10-UCRT