CRAN Package Check Results for Package tfhub

Last updated on 2021-10-16 07:49:25 CEST.

Flavor Version Tinstall Tcheck Ttotal Status Flags
r-devel-linux-x86_64-debian-clang 0.8.0 8.04 71.67 79.71 NOTE
r-devel-linux-x86_64-debian-gcc 0.8.0 6.00 55.72 61.72 NOTE
r-devel-linux-x86_64-fedora-clang 0.8.0 109.84 NOTE
r-devel-linux-x86_64-fedora-gcc 0.8.0 97.35 NOTE
r-devel-windows-x86_64 0.8.0 10.00 78.00 88.00 NOTE
r-devel-windows-x86_64-gcc10-UCRT 0.8.0 NOTE
r-patched-linux-x86_64 0.8.0 6.76 70.46 77.22 NOTE
r-patched-solaris-x86 0.8.0 134.50 NOTE
r-release-linux-x86_64 0.8.0 8.38 70.36 78.74 NOTE
r-release-macos-arm64 0.8.0 NOTE
r-release-macos-x86_64 0.8.0 NOTE
r-release-windows-ix86+x86_64 0.8.0 17.00 98.00 115.00 NOTE
r-oldrel-macos-x86_64 0.8.0 OK
r-oldrel-windows-ix86+x86_64 0.8.0 18.00 101.00 119.00 OK

Check Details

Version: 0.8.0
Check: LazyData
Result: NOTE
     'LazyData' is specified without a 'data' directory
Flavors: r-devel-linux-x86_64-debian-clang, r-devel-linux-x86_64-debian-gcc, r-devel-linux-x86_64-fedora-clang, r-devel-linux-x86_64-fedora-gcc, r-devel-windows-x86_64, r-devel-windows-x86_64-gcc10-UCRT, r-patched-linux-x86_64, r-patched-solaris-x86, r-release-linux-x86_64, r-release-macos-arm64, r-release-macos-x86_64, r-release-windows-ix86+x86_64