CRAN Package Check Results for Package tidyMicro

Last updated on 2021-09-27 04:55:14 CEST.

Flavor Version Tinstall Tcheck Ttotal Status Flags
r-devel-linux-x86_64-debian-clang 1.47 17.08 310.95 328.03 OK
r-devel-linux-x86_64-debian-gcc 1.47 15.40 228.19 243.59 OK
r-devel-linux-x86_64-fedora-clang 1.47 381.41 NOTE
r-devel-linux-x86_64-fedora-gcc 1.47 291.55 NOTE
r-devel-windows-x86_64 1.47 20.00 275.00 295.00 OK
r-devel-windows-x86_64-gcc10-UCRT 1.47 NOTE
r-patched-linux-x86_64 1.47 16.68 291.93 308.61 OK
r-patched-solaris-x86 1.47 505.90 NOTE
r-release-linux-x86_64 1.47 18.02 288.03 306.05 OK
r-release-macos-arm64 1.47 NOTE
r-release-macos-x86_64 1.47 NOTE
r-release-windows-ix86+x86_64 1.47 38.00 264.00 302.00 OK
r-oldrel-macos-x86_64 1.47 NOTE
r-oldrel-windows-ix86+x86_64 1.47 27.00 270.00 297.00 OK

Check Details

Version: 1.47
Check: package dependencies
Result: NOTE
    Imports includes 30 non-default packages.
    Importing from so many packages makes the package vulnerable to any of
    them becoming unavailable. Move as many as possible to Suggests and
    use conditionally.
Flavor: r-devel-linux-x86_64-fedora-clang

Version: 1.47
Check: dependencies in R code
Result: NOTE
    Namespaces in Imports field not imported from:
     ‘Evomorph’ ‘cowplot’ ‘factoextra’ ‘gridExtra’ ‘lme4’ ‘lsr’ ‘plotly’
     ‘png’ ‘shapes’
     All declared Imports should be used.
Flavors: r-devel-linux-x86_64-fedora-clang, r-devel-linux-x86_64-fedora-gcc, r-devel-windows-x86_64-gcc10-UCRT, r-patched-solaris-x86, r-release-macos-arm64, r-release-macos-x86_64, r-oldrel-macos-x86_64