CRAN Package Check Results for Package tidyREDCap

Last updated on 2021-09-17 16:50:28 CEST.

Flavor Version Tinstall Tcheck Ttotal Status Flags
r-devel-linux-x86_64-debian-clang 0.2.0 5.60 62.49 68.09 NOTE
r-devel-linux-x86_64-debian-gcc 0.2.0 4.20 46.40 50.60 NOTE
r-devel-linux-x86_64-fedora-clang 0.2.0 88.94 NOTE
r-devel-linux-x86_64-fedora-gcc 0.2.0 75.74 NOTE
r-devel-windows-x86_64 0.2.0 8.00 84.00 92.00 NOTE
r-devel-windows-x86_64-gcc10-UCRT 0.2.0 NOTE
r-patched-linux-x86_64 0.2.0 5.71 62.84 68.55 NOTE
r-patched-solaris-x86 0.2.0 123.00 NOTE
r-release-linux-x86_64 0.2.0 5.40 62.22 67.62 NOTE
r-release-macos-arm64 0.2.0 NOTE
r-release-macos-x86_64 0.2.0 NOTE
r-release-windows-ix86+x86_64 0.2.0 14.00 66.00 80.00 NOTE
r-oldrel-macos-x86_64 0.2.0 OK
r-oldrel-windows-ix86+x86_64 0.2.0 18.00 66.00 84.00 OK

Check Details

Version: 0.2.0
Check: LazyData
Result: NOTE
     'LazyData' is specified without a 'data' directory
Flavors: r-devel-linux-x86_64-debian-clang, r-devel-linux-x86_64-debian-gcc, r-devel-linux-x86_64-fedora-clang, r-devel-linux-x86_64-fedora-gcc, r-devel-windows-x86_64, r-devel-windows-x86_64-gcc10-UCRT, r-patched-linux-x86_64, r-patched-solaris-x86, r-release-linux-x86_64, r-release-macos-arm64, r-release-macos-x86_64, r-release-windows-ix86+x86_64