CRAN Package Check Results for Package tidycat

Last updated on 2021-09-25 22:54:22 CEST.

Flavor Version Tinstall Tcheck Ttotal Status Flags
r-devel-linux-x86_64-debian-clang 0.1.2 2.21 40.05 42.26 OK
r-devel-linux-x86_64-debian-gcc 0.1.2 1.71 30.50 32.21 OK
r-devel-linux-x86_64-fedora-clang 0.1.2 58.59 NOTE
r-devel-linux-x86_64-fedora-gcc 0.1.2 47.42 NOTE
r-devel-windows-x86_64 0.1.2 3.00 44.00 47.00 OK
r-devel-windows-x86_64-gcc10-UCRT 0.1.2 NOTE
r-patched-linux-x86_64 0.1.2 2.15 37.47 39.62 OK
r-patched-solaris-x86 0.1.2 71.90 NOTE
r-release-linux-x86_64 0.1.2 2.09 37.53 39.62 OK
r-release-macos-arm64 0.1.2 NOTE
r-release-macos-x86_64 0.1.2 NOTE
r-release-windows-ix86+x86_64 0.1.2 6.00 43.00 49.00 OK
r-oldrel-macos-x86_64 0.1.2 NOTE
r-oldrel-windows-ix86+x86_64 0.1.2 4.00 45.00 49.00 OK

Check Details

Version: 0.1.2
Check: dependencies in R code
Result: NOTE
    Namespace in Imports field not imported from: ‘tidyr’
     All declared Imports should be used.
Flavors: r-devel-linux-x86_64-fedora-clang, r-devel-linux-x86_64-fedora-gcc, r-devel-windows-x86_64-gcc10-UCRT, r-patched-solaris-x86, r-release-macos-arm64, r-release-macos-x86_64, r-oldrel-macos-x86_64