CRAN Package Check Results for Package tidycomm

Last updated on 2021-09-21 13:52:51 CEST.

Flavor Version Tinstall Tcheck Ttotal Status Flags
r-devel-linux-x86_64-debian-clang 0.2.1 4.94 69.88 74.82 OK
r-devel-linux-x86_64-debian-gcc 0.2.1 3.90 53.38 57.28 OK
r-devel-linux-x86_64-fedora-clang 0.2.1 95.04 OK
r-devel-linux-x86_64-fedora-gcc 0.2.1 83.27 OK
r-devel-windows-x86_64 0.2.1 7.00 72.00 79.00 OK
r-devel-windows-x86_64-gcc10-UCRT 0.2.1 ERROR
r-patched-linux-x86_64 0.2.1 4.47 69.44 73.91 OK
r-patched-solaris-x86 0.2.1 109.00 OK
r-release-linux-x86_64 0.2.1 5.01 69.87 74.88 OK
r-release-macos-arm64 0.2.1 OK
r-release-macos-x86_64 0.2.1 OK
r-release-windows-ix86+x86_64 0.2.1 12.00 72.00 84.00 OK
r-oldrel-macos-x86_64 0.2.1 OK
r-oldrel-windows-ix86+x86_64 0.2.1 12.00 71.00 83.00 OK

Check Details

Version: 0.2.1
Check: whether package can be installed
Result: WARN
    Found the following significant warnings:
     WARNING: installation-time patches will not be applied, could not get the patches index
Flavor: r-devel-windows-x86_64-gcc10-UCRT

Version: 0.2.1
Check: PDF version of manual
Result: WARN
    LaTeX errors when creating PDF version.
    This typically indicates Rd problems.
Flavor: r-devel-windows-x86_64-gcc10-UCRT

Version: 0.2.1
Check: PDF version of manual without hyperrefs or index
Result: ERROR
    Re-running with no redirection of stdout/stderr.
Flavor: r-devel-windows-x86_64-gcc10-UCRT