CRAN Package Check Results for Package tidygate

Last updated on 2021-09-19 07:50:52 CEST.

Flavor Version Tinstall Tcheck Ttotal Status Flags
r-devel-linux-x86_64-debian-clang 0.4.7 5.56 60.31 65.87 OK
r-devel-linux-x86_64-debian-gcc 0.4.7 5.04 44.58 49.62 OK
r-devel-linux-x86_64-fedora-clang 0.4.7 87.47 OK
r-devel-linux-x86_64-fedora-gcc 0.4.7 72.99 OK
r-devel-windows-x86_64 0.4.7 9.00 81.00 90.00 OK
r-devel-windows-x86_64-gcc10-UCRT 0.4.7 ERROR
r-patched-linux-x86_64 0.4.7 6.53 55.12 61.65 OK
r-patched-solaris-x86 0.4.7 111.10 OK
r-release-linux-x86_64 0.4.7 5.78 55.81 61.59 OK
r-release-macos-arm64 0.4.7 OK
r-release-macos-x86_64 0.4.7 OK
r-release-windows-ix86+x86_64 0.4.7 14.00 58.00 72.00 OK
r-oldrel-macos-x86_64 0.4.7 OK
r-oldrel-windows-ix86+x86_64 0.4.7 16.00 60.00 76.00 OK

Check Details

Version: 0.4.7
Check: whether package can be installed
Result: WARN
    Found the following significant warnings:
     WARNING: installation-time patches will not be applied, could not get the patches index
Flavor: r-devel-windows-x86_64-gcc10-UCRT

Version: 0.4.7
Check: PDF version of manual
Result: WARN
    LaTeX errors when creating PDF version.
    This typically indicates Rd problems.
Flavor: r-devel-windows-x86_64-gcc10-UCRT

Version: 0.4.7
Check: PDF version of manual without hyperrefs or index
Result: ERROR
    Re-running with no redirection of stdout/stderr.
Flavor: r-devel-windows-x86_64-gcc10-UCRT