CRAN Package Check Results for Package tidyqwi

Last updated on 2021-09-22 10:52:00 CEST.

Flavor Version Tinstall Tcheck Ttotal Status Flags
r-devel-linux-x86_64-debian-clang 0.1.2 4.67 54.75 59.42 OK
r-devel-linux-x86_64-debian-gcc 0.1.2 4.08 40.82 44.90 OK
r-devel-linux-x86_64-fedora-clang 0.1.2 79.70 OK
r-devel-linux-x86_64-fedora-gcc 0.1.2 66.84 OK
r-devel-windows-x86_64 0.1.2 9.00 59.00 68.00 OK
r-devel-windows-x86_64-gcc10-UCRT 0.1.2 ERROR
r-patched-linux-x86_64 0.1.2 5.36 50.65 56.01 OK
r-patched-solaris-x86 0.1.2 105.20 OK
r-release-linux-x86_64 0.1.2 4.04 50.29 54.33 OK
r-release-macos-arm64 0.1.2 OK
r-release-macos-x86_64 0.1.2 OK
r-release-windows-ix86+x86_64 0.1.2 15.00 57.00 72.00 OK
r-oldrel-macos-x86_64 0.1.2 OK
r-oldrel-windows-ix86+x86_64 0.1.2 14.00 55.00 69.00 OK

Check Details

Version: 0.1.2
Check: package dependencies
Result: ERROR
    Package required but not available: 'xml2'
    
    See section 'The DESCRIPTION file' in the 'Writing R Extensions'
    manual.
Flavor: r-devel-windows-x86_64-gcc10-UCRT