CRAN Package Check Results for Package tidyr

Last updated on 2021-08-01 04:51:11 CEST.

Flavor Version Tinstall Tcheck Ttotal Status Flags
r-devel-linux-x86_64-debian-clang 1.1.3 15.62 106.16 121.78 OK
r-devel-linux-x86_64-debian-gcc 1.1.3 11.31 78.28 89.59 OK
r-devel-linux-x86_64-fedora-clang 1.1.3 152.94 NOTE
r-devel-linux-x86_64-fedora-gcc 1.1.3 141.01 NOTE
r-devel-windows-x86_64 1.1.3 1.00 9.00 10.00 ERROR
r-devel-windows-x86_64-gcc10-UCRT 1.1.3 NOTE
r-patched-linux-x86_64 1.1.3 OK
r-patched-solaris-x86 1.1.3 181.30 NOTE
r-release-linux-x86_64 1.1.3 16.15 100.35 116.50 OK
r-release-macos-arm64 1.1.3 NOTE
r-release-macos-x86_64 1.1.3 NOTE
r-release-windows-ix86+x86_64 1.1.3 41.00 134.00 175.00 OK
r-oldrel-macos-x86_64 1.1.3 NOTE
r-oldrel-windows-ix86+x86_64 1.1.3 34.00 174.00 208.00 OK

Check Details

Version: 1.1.3
Check: data for non-ASCII characters
Result: NOTE
     Note: found 24 marked UTF-8 strings
Flavors: r-devel-linux-x86_64-fedora-clang, r-devel-linux-x86_64-fedora-gcc, r-devel-windows-x86_64-gcc10-UCRT, r-patched-solaris-x86, r-release-macos-arm64, r-release-macos-x86_64, r-oldrel-macos-x86_64

Version: 1.1.3
Check: whether package can be installed
Result: ERROR
    Installation failed.
Flavor: r-devel-windows-x86_64