CRAN Package Check Results for Package tidyrules

Last updated on 2021-12-01 11:52:08 CET.

Flavor Version Tinstall Tcheck Ttotal Status Flags
r-devel-linux-x86_64-debian-clang 0.1.5 7.20 80.75 87.95 NOTE
r-devel-linux-x86_64-debian-gcc 0.1.5 4.72 62.41 67.13 NOTE
r-devel-linux-x86_64-fedora-clang 0.1.5 120.77 NOTE
r-devel-linux-x86_64-fedora-gcc 0.1.5 105.48 NOTE
r-devel-windows-x86_64-new-UL 0.1.5 15.00 130.00 145.00 NOTE
r-devel-windows-x86_64-new-TK 0.1.5 NOTE
r-devel-windows-x86_64-old 0.1.5 11.00 78.00 89.00 NOTE
r-patched-linux-x86_64 0.1.5 5.78 78.54 84.32 NOTE
r-patched-solaris-x86 0.1.5 133.10 NOTE
r-release-linux-x86_64 0.1.5 6.94 78.23 85.17 NOTE
r-release-macos-arm64 0.1.5 NOTE
r-release-macos-x86_64 0.1.5 NOTE
r-release-windows-ix86+x86_64 0.1.5 13.00 75.00 88.00 NOTE
r-oldrel-macos-x86_64 0.1.5 OK
r-oldrel-windows-ix86+x86_64 0.1.5 9.00 80.00 89.00 OK

Check Details

Version: 0.1.5
Check: LazyData
Result: NOTE
     'LazyData' is specified without a 'data' directory
Flavors: r-devel-linux-x86_64-debian-clang, r-devel-linux-x86_64-debian-gcc, r-devel-linux-x86_64-fedora-clang, r-devel-linux-x86_64-fedora-gcc, r-devel-windows-x86_64-new-UL, r-devel-windows-x86_64-new-TK, r-devel-windows-x86_64-old, r-patched-linux-x86_64, r-patched-solaris-x86, r-release-linux-x86_64, r-release-macos-arm64, r-release-macos-x86_64, r-release-windows-ix86+x86_64