CRAN Package Check Results for Package tidyverse

Last updated on 2021-11-27 03:58:14 CET.

Flavor Version Tinstall Tcheck Ttotal Status Flags
r-devel-linux-x86_64-debian-clang 1.3.1 10.50 86.89 97.39 OK
r-devel-linux-x86_64-debian-gcc 1.3.1 7.64 66.34 73.98 OK
r-devel-linux-x86_64-fedora-clang 1.3.1 126.04 NOTE
r-devel-linux-x86_64-fedora-gcc 1.3.1 112.85 NOTE
r-devel-windows-x86_64-new-UL 1.3.1 19.00 136.00 155.00 OK
r-devel-windows-x86_64-new-TK 1.3.1 NOTE
r-devel-windows-x86_64-old 1.3.1 13.00 116.00 129.00 OK
r-patched-linux-x86_64 1.3.1 11.17 82.14 93.31 OK
r-patched-solaris-x86 1.3.1 158.40 NOTE
r-release-linux-x86_64 1.3.1 OK
r-release-macos-arm64 1.3.1 NOTE
r-release-macos-x86_64 1.3.1 NOTE
r-release-windows-ix86+x86_64 1.3.1 24.00 81.00 105.00 OK
r-oldrel-macos-x86_64 1.3.1 NOTE
r-oldrel-windows-ix86+x86_64 1.3.1 25.00 115.00 140.00 OK

Check Details

Version: 1.3.1
Check: package dependencies
Result: NOTE
    Imports includes 29 non-default packages.
    Importing from so many packages makes the package vulnerable to any of
    them becoming unavailable. Move as many as possible to Suggests and
    use conditionally.
Flavor: r-devel-linux-x86_64-fedora-clang

Version: 1.3.1
Check: dependencies in R code
Result: NOTE
    Namespaces in Imports field not imported from:
     ‘dtplyr’ ‘googledrive’ ‘googlesheets4’
     All declared Imports should be used.
Flavors: r-devel-linux-x86_64-fedora-clang, r-devel-linux-x86_64-fedora-gcc, r-devel-windows-x86_64-new-TK, r-patched-solaris-x86, r-release-macos-arm64, r-release-macos-x86_64, r-oldrel-macos-x86_64