CRAN Package Check Results for Package tidyxl

Last updated on 2024-06-22 16:49:17 CEST.

Flavor Version Tinstall Tcheck Ttotal Status Flags
r-devel-linux-x86_64-debian-clang 1.0.10 212.64 66.33 278.97 OK
r-devel-linux-x86_64-debian-gcc 1.0.10 136.35 49.76 186.11 OK
r-devel-linux-x86_64-fedora-clang 1.0.10 411.60 OK
r-devel-linux-x86_64-fedora-gcc 1.0.10 418.89 OK
r-devel-windows-x86_64 1.0.10 164.00 98.00 262.00 OK
r-patched-linux-x86_64 1.0.10 169.35 62.65 232.00 OK
r-release-linux-x86_64 1.0.10 165.23 64.09 229.32 OK
r-release-macos-arm64 1.0.10 80.00 NOTE
r-release-macos-x86_64 1.0.10 84.00 NOTE
r-release-windows-x86_64 1.0.10 165.00 100.00 265.00 OK
r-oldrel-macos-arm64 1.0.10 114.00 NOTE
r-oldrel-macos-x86_64 1.0.10 160.00 NOTE
r-oldrel-windows-x86_64 1.0.10 200.00 107.00 307.00 OK

Check Details

Version: 1.0.10
Check: installed package size
Result: NOTE installed size is 9.6Mb sub-directories of 1Mb or more: libs 8.6Mb Flavors: r-release-macos-arm64, r-release-macos-x86_64, r-oldrel-macos-arm64, r-oldrel-macos-x86_64