CRAN Package Check Results for Package tiff

Last updated on 2021-09-19 16:49:30 CEST.

Flavor Version Tinstall Tcheck Ttotal Status Flags
r-devel-linux-x86_64-debian-clang 0.1-8 6.16 21.75 27.91 OK
r-devel-linux-x86_64-debian-gcc 0.1-8 4.05 17.35 21.40 OK
r-devel-linux-x86_64-fedora-clang 0.1-8 42.94 OK
r-devel-linux-x86_64-fedora-gcc 0.1-8 33.09 OK
r-devel-windows-x86_64 0.1-8 7.00 35.00 42.00 OK
r-devel-windows-x86_64-gcc10-UCRT 0.1-8 ERROR
r-patched-linux-x86_64 0.1-8 4.96 21.30 26.26 OK
r-patched-solaris-x86 0.1-8 54.90 OK
r-release-linux-x86_64 0.1-8 4.56 21.24 25.80 OK
r-release-macos-arm64 0.1-8 NOTE
r-release-macos-x86_64 0.1-8 NOTE
r-release-windows-ix86+x86_64 0.1-8 14.00 34.00 48.00 OK
r-oldrel-macos-x86_64 0.1-8 OK
r-oldrel-windows-ix86+x86_64 0.1-8 14.00 45.00 59.00 OK

Additional issues

M1mac

Check Details

Version: 0.1-8
Check: whether package can be installed
Result: ERROR
    Installation failed.
Flavor: r-devel-windows-x86_64-gcc10-UCRT

Version: 0.1-8
Check: installed package size
Result: NOTE
     installed size is 5.6Mb
     sub-directories of 1Mb or more:
     libs 5.5Mb
Flavors: r-release-macos-arm64, r-release-macos-x86_64