CRAN Package Check Results for Package timeDate

Last updated on 2021-09-18 13:53:54 CEST.

Flavor Version Tinstall Tcheck Ttotal Status Flags
r-devel-linux-x86_64-debian-clang 3043.102 28.85 105.44 134.29 NOTE
r-devel-linux-x86_64-debian-gcc 3043.102 22.76 75.69 98.45 NOTE
r-devel-linux-x86_64-fedora-clang 3043.102 169.87 NOTE
r-devel-linux-x86_64-fedora-gcc 3043.102 154.67 NOTE
r-devel-windows-x86_64 3043.102 41.00 109.00 150.00 NOTE
r-devel-windows-x86_64-gcc10-UCRT 3043.102 NOTE
r-patched-linux-x86_64 3043.102 29.87 99.89 129.76 NOTE
r-patched-solaris-x86 3043.102 185.20 NOTE
r-release-linux-x86_64 3043.102 26.86 99.59 126.45 NOTE
r-release-macos-arm64 3043.102 NOTE
r-release-macos-x86_64 3043.102 NOTE
r-release-windows-ix86+x86_64 3043.102 49.00 86.00 135.00 NOTE
r-oldrel-macos-x86_64 3043.102 OK
r-oldrel-windows-ix86+x86_64 3043.102 41.00 109.00 150.00 OK

Check Details

Version: 3043.102
Check: LazyData
Result: NOTE
     'LazyData' is specified without a 'data' directory
Flavors: r-devel-linux-x86_64-debian-clang, r-devel-linux-x86_64-debian-gcc, r-devel-linux-x86_64-fedora-clang, r-devel-linux-x86_64-fedora-gcc, r-devel-windows-x86_64, r-devel-windows-x86_64-gcc10-UCRT, r-patched-linux-x86_64, r-patched-solaris-x86, r-release-linux-x86_64, r-release-macos-arm64, r-release-macos-x86_64, r-release-windows-ix86+x86_64