Last updated on 2023-12-08 09:52:28 CET.
Flavor | Version | Tinstall | Tcheck | Ttotal | Status | Flags |
---|---|---|---|---|---|---|
r-devel-linux-x86_64-debian-clang | 0.4 | 12.12 | 103.50 | 115.62 | NOTE | |
r-devel-linux-x86_64-debian-gcc | 0.4 | 8.65 | 75.27 | 83.92 | NOTE | |
r-devel-linux-x86_64-fedora-clang | 0.4 | 140.66 | NOTE | |||
r-devel-linux-x86_64-fedora-gcc | 0.4 | 134.42 | NOTE | |||
r-devel-windows-x86_64 | 0.4 | 11.00 | 92.00 | 103.00 | NOTE | |
r-patched-linux-x86_64 | 0.4 | 11.73 | 96.88 | 108.61 | NOTE | |
r-release-linux-x86_64 | 0.4 | 7.74 | 97.11 | 104.85 | NOTE | |
r-release-macos-arm64 | 0.4 | 49.00 | NOTE | |||
r-release-macos-x86_64 | 0.4 | 72.00 | NOTE | |||
r-release-windows-x86_64 | 0.4 | 13.00 | 108.00 | 121.00 | NOTE | |
r-oldrel-macos-arm64 | 0.4 | 37.00 | OK | |||
r-oldrel-macos-x86_64 | 0.4 | 65.00 | OK | |||
r-oldrel-windows-x86_64 | 0.4 | 13.00 | 107.00 | 120.00 | OK |
Version: 0.4
Check: Rd files
Result: NOTE
checkRd: (-1) compare.Rd:46: Escaped LaTeX specials: \&
Flavors: r-devel-linux-x86_64-debian-clang, r-devel-linux-x86_64-debian-gcc, r-devel-linux-x86_64-fedora-clang, r-devel-linux-x86_64-fedora-gcc, r-devel-windows-x86_64, r-patched-linux-x86_64, r-release-linux-x86_64, r-release-macos-arm64, r-release-macos-x86_64, r-release-windows-x86_64