CRAN Package Check Results for Package timelineS

Last updated on 2024-07-23 10:56:17 CEST.

Flavor Version Tinstall Tcheck Ttotal Status Flags
r-devel-linux-x86_64-debian-clang 0.1.1 6.72 59.27 65.99 OK
r-devel-linux-x86_64-debian-gcc 0.1.1 4.54 44.52 49.06 OK
r-devel-linux-x86_64-fedora-clang 0.1.1 82.57 NOTE
r-devel-linux-x86_64-fedora-gcc 0.1.1 78.88 NOTE
r-devel-windows-x86_64 0.1.1 7.00 63.00 70.00 OK
r-patched-linux-x86_64 0.1.1 4.10 57.21 61.31 OK
r-release-linux-x86_64 0.1.1 4.30 57.19 61.49 OK
r-release-macos-arm64 0.1.1 26.00 OK
r-release-macos-x86_64 0.1.1 38.00 OK
r-release-windows-x86_64 0.1.1 6.00 63.00 69.00 OK
r-oldrel-macos-arm64 0.1.1 29.00 OK
r-oldrel-macos-x86_64 0.1.1 40.00 OK
r-oldrel-windows-x86_64 0.1.1 9.00 69.00 78.00 OK

Check Details

Version: 0.1.1
Check: dependencies in R code
Result: NOTE Namespace in Imports field not imported from: ‘base’ All declared Imports should be used. Flavors: r-devel-linux-x86_64-fedora-clang, r-devel-linux-x86_64-fedora-gcc