CRAN Package Check Results for Package titeIR

Last updated on 2021-12-06 03:53:15 CET.

Flavor Version Tinstall Tcheck Ttotal Status Flags
r-devel-linux-x86_64-debian-clang 0.1.0 2.18 29.48 31.66 NOTE
r-devel-linux-x86_64-debian-gcc 0.1.0 1.68 23.46 25.14 NOTE
r-devel-linux-x86_64-fedora-clang 0.1.0 40.81 NOTE
r-devel-linux-x86_64-fedora-gcc 0.1.0 27.99 NOTE
r-devel-windows-x86_64-new-UL 0.1.0 6.00 52.00 58.00 NOTE
r-devel-windows-x86_64-new-TK 0.1.0 NOTE
r-devel-windows-x86_64-old 0.1.0 4.00 28.00 32.00 NOTE
r-patched-linux-x86_64 0.1.0 2.18 19.86 22.04 NOTE
r-release-linux-x86_64 0.1.0 1.78 27.63 29.41 NOTE
r-release-macos-arm64 0.1.0 NOTE
r-release-macos-x86_64 0.1.0 NOTE
r-release-windows-ix86+x86_64 0.1.0 5.00 28.00 33.00 NOTE
r-oldrel-macos-x86_64 0.1.0 OK
r-oldrel-windows-ix86+x86_64 0.1.0 5.00 29.00 34.00 OK

Check Details

Version: 0.1.0
Check: LazyData
Result: NOTE
     'LazyData' is specified without a 'data' directory
Flavors: r-devel-linux-x86_64-debian-clang, r-devel-linux-x86_64-debian-gcc, r-devel-linux-x86_64-fedora-clang, r-devel-linux-x86_64-fedora-gcc, r-devel-windows-x86_64-new-UL, r-devel-windows-x86_64-new-TK, r-devel-windows-x86_64-old, r-patched-linux-x86_64, r-release-linux-x86_64, r-release-macos-arm64, r-release-macos-x86_64, r-release-windows-ix86+x86_64