CRAN Package Check Results for Package topicmodels

Last updated on 2021-10-22 16:50:54 CEST.

Flavor Version Tinstall Tcheck Ttotal Status Flags
r-devel-linux-x86_64-debian-clang 0.2-12 11.32 131.77 143.09 NOTE
r-devel-linux-x86_64-debian-gcc 0.2-12 9.45 98.58 108.03 NOTE
r-devel-linux-x86_64-fedora-clang 0.2-12 195.98 NOTE
r-devel-linux-x86_64-fedora-gcc 0.2-12 139.97 NOTE
r-devel-windows-x86_64 0.2-12 25.00 182.00 207.00 NOTE
r-devel-windows-x86_64-gcc10-UCRT 0.2-12 NOTE
r-patched-linux-x86_64 0.2-12 11.28 120.06 131.34 NOTE
r-patched-solaris-x86 0.2-12 337.40 NOTE
r-release-linux-x86_64 0.2-12 10.99 119.12 130.11 NOTE
r-release-macos-arm64 0.2-12 NOTE
r-release-macos-x86_64 0.2-12 NOTE
r-release-windows-ix86+x86_64 0.2-12 33.00 223.00 256.00 NOTE
r-oldrel-macos-x86_64 0.2-12 NOTE
r-oldrel-windows-ix86+x86_64 0.2-12 42.00 225.00 267.00 NOTE

Check Details

Version: 0.2-12
Check: package dependencies
Result: NOTE
    Package suggested but not available for checking: 'corpus.JSS.papers'
Flavors: r-devel-linux-x86_64-debian-clang, r-devel-linux-x86_64-debian-gcc, r-devel-linux-x86_64-fedora-clang, r-devel-linux-x86_64-fedora-gcc, r-devel-windows-x86_64, r-devel-windows-x86_64-gcc10-UCRT, r-patched-linux-x86_64, r-patched-solaris-x86, r-release-linux-x86_64, r-release-macos-arm64, r-release-macos-x86_64, r-release-windows-ix86+x86_64, r-oldrel-macos-x86_64, r-oldrel-windows-ix86+x86_64