CRAN Package Check Results for Package tosca

Last updated on 2024-07-25 04:50:06 CEST.

Flavor Version Tinstall Tcheck Ttotal Status Flags
r-devel-linux-x86_64-debian-clang 0.3-2 12.09 116.60 128.69 NOTE
r-devel-linux-x86_64-debian-gcc 0.3-2 9.62 84.34 93.96 NOTE
r-devel-linux-x86_64-fedora-clang 0.3-2 162.80 NOTE
r-devel-linux-x86_64-fedora-gcc 0.3-2 169.40 NOTE
r-devel-windows-x86_64 0.3-2 11.00 135.00 146.00 NOTE
r-patched-linux-x86_64 0.3-2 12.94 109.32 122.26 NOTE
r-release-linux-x86_64 0.3-2 11.56 110.67 122.23 NOTE
r-release-macos-arm64 0.3-2 84.00 NOTE
r-release-macos-x86_64 0.3-2 118.00 NOTE
r-release-windows-x86_64 0.3-2 11.00 143.00 154.00 NOTE
r-oldrel-macos-arm64 0.3-2 83.00 NOTE
r-oldrel-macos-x86_64 0.3-2 110.00 NOTE
r-oldrel-windows-x86_64 0.3-2 15.00 158.00 173.00 NOTE

Check Details

Version: 0.3-2
Check: package dependencies
Result: NOTE Package suggested but not available for checking: ‘toscaData’ Flavors: r-devel-linux-x86_64-debian-clang, r-devel-linux-x86_64-debian-gcc, r-devel-linux-x86_64-fedora-clang, r-devel-linux-x86_64-fedora-gcc, r-devel-windows-x86_64, r-patched-linux-x86_64, r-release-linux-x86_64, r-release-macos-arm64, r-release-macos-x86_64, r-release-windows-x86_64, r-oldrel-macos-arm64, r-oldrel-macos-x86_64, r-oldrel-windows-x86_64

Version: 0.3-2
Check: Rd cross-references
Result: NOTE Found the following Rd file(s) with Rd \link{} targets missing package anchors: LDAprep.Rd: lda plotTopic.Rd: top.topic.words plotTopicWord.Rd: top.topic.words plotWordSub.Rd: top.topic.words plotWordpt.Rd: top.topic.words readWiki.Rd: WikipediR, pages_in_category Please provide package anchors for all Rd \link{} targets not in the package itself and the base packages. Flavors: r-devel-linux-x86_64-debian-gcc, r-devel-windows-x86_64