Last updated on 2023-12-03 09:54:19 CET.
Flavor | Version | Tinstall | Tcheck | Ttotal | Status | Flags |
---|---|---|---|---|---|---|
r-devel-linux-x86_64-debian-clang | 1.3.0 | 22.47 | 168.15 | 190.62 | NOTE | |
r-devel-linux-x86_64-debian-gcc | 1.3.0 | 17.68 | 126.43 | 144.11 | NOTE | |
r-devel-linux-x86_64-fedora-clang | 1.3.0 | 237.98 | NOTE | |||
r-devel-linux-x86_64-fedora-gcc | 1.3.0 | 240.17 | NOTE | |||
r-devel-windows-x86_64 | 1.3.0 | 22.00 | 145.00 | 167.00 | NOTE | |
r-patched-linux-x86_64 | 1.3.0 | 14.55 | 159.96 | 174.51 | OK | |
r-release-linux-x86_64 | 1.3.0 | 15.45 | 155.50 | 170.95 | OK | |
r-release-macos-arm64 | 1.3.0 | 87.00 | OK | |||
r-release-macos-x86_64 | 1.3.0 | 222.00 | OK | |||
r-release-windows-x86_64 | 1.3.0 | 27.00 | 174.00 | 201.00 | OK | |
r-oldrel-macos-arm64 | 1.3.0 | 70.00 | OK | |||
r-oldrel-macos-x86_64 | 1.3.0 | 99.00 | OK | |||
r-oldrel-windows-x86_64 | 1.3.0 | 28.00 | 178.00 | 206.00 | OK |
Version: 1.3.0
Check: Rd files
Result: NOTE
checkRd: (-1) clean_endPoint_info.Rd:21: Lost braces
21 | \doi{10.1021/acs.est.7b01613}{Blackwell et al., 2017}.
| ^
Flavors: r-devel-linux-x86_64-debian-clang, r-devel-linux-x86_64-debian-gcc
Version: 1.3.0
Check: Rd \usage sections
Result: NOTE
Documented arguments not in \usage in Rd file 'createLink.Rd':
‘hits’
Functions with \usage entries need to have the appropriate \alias
entries, and all their arguments documented.
The \usage entries must correspond to syntactically valid R code.
See chapter ‘Writing R documentation files’ in the ‘Writing R
Extensions’ manual.
Flavors: r-devel-linux-x86_64-debian-clang, r-devel-linux-x86_64-debian-gcc, r-devel-linux-x86_64-fedora-clang, r-devel-linux-x86_64-fedora-gcc, r-devel-windows-x86_64