CRAN Package Check Results for Package tradepolicy

Last updated on 2021-09-23 10:53:52 CEST.

Flavor Version Tinstall Tcheck Ttotal Status Flags
r-devel-linux-x86_64-debian-clang 0.5.0 9.77 87.43 97.20 OK
r-devel-linux-x86_64-debian-gcc 0.5.0 8.29 66.37 74.66 OK
r-devel-linux-x86_64-fedora-clang 0.5.0 125.01 OK
r-devel-linux-x86_64-fedora-gcc 0.5.0 112.36 OK
r-devel-windows-x86_64 0.5.0 11.00 85.00 96.00 OK
r-devel-windows-x86_64-gcc10-UCRT 0.5.0 ERROR
r-patched-linux-x86_64 0.5.0 8.14 83.27 91.41 OK
r-patched-solaris-x86 0.5.0 168.10 OK
r-release-linux-x86_64 0.5.0 9.81 82.25 92.06 OK
r-release-macos-arm64 0.5.0 OK
r-release-macos-x86_64 0.5.0 OK
r-release-windows-ix86+x86_64 0.5.0 23.00 81.00 104.00 OK
r-oldrel-macos-x86_64 0.5.0 OK
r-oldrel-windows-ix86+x86_64 0.5.0 18.00 81.00 99.00 OK

Check Details

Version: 0.5.0
Check: PDF version of manual
Result: WARN
    LaTeX errors when creating PDF version.
    This typically indicates Rd problems.
Flavor: r-devel-windows-x86_64-gcc10-UCRT

Version: 0.5.0
Check: PDF version of manual without hyperrefs or index
Result: ERROR
    Re-running with no redirection of stdout/stderr.
Flavor: r-devel-windows-x86_64-gcc10-UCRT