CRAN Package Check Results for Package trainR

Last updated on 2021-09-23 10:53:52 CEST.

Flavor Version Tinstall Tcheck Ttotal Status Flags
r-devel-linux-x86_64-debian-clang 0.0.1 2.70 24.81 27.51 OK
r-devel-linux-x86_64-debian-gcc 0.0.1 2.06 19.54 21.60 OK
r-devel-linux-x86_64-fedora-clang 0.0.1 43.12 OK
r-devel-linux-x86_64-fedora-gcc 0.0.1 31.49 OK
r-devel-windows-x86_64 0.0.1 4.00 30.00 34.00 OK
r-devel-windows-x86_64-gcc10-UCRT 0.0.1 ERROR
r-patched-linux-x86_64 0.0.1 2.46 23.77 26.23 OK
r-patched-solaris-x86 0.0.1 49.90 OK
r-release-linux-x86_64 0.0.1 2.41 24.29 26.70 OK
r-release-macos-arm64 0.0.1 OK
r-release-macos-x86_64 0.0.1 OK
r-release-windows-ix86+x86_64 0.0.1 6.00 33.00 39.00 OK
r-oldrel-macos-x86_64 0.0.1 OK
r-oldrel-windows-ix86+x86_64 0.0.1 6.00 31.00 37.00 OK

Check Details

Version: 0.0.1
Check: package dependencies
Result: ERROR
    Package required but not available: 'xml2'
    
    See section 'The DESCRIPTION file' in the 'Writing R Extensions'
    manual.
Flavor: r-devel-windows-x86_64-gcc10-UCRT