CRAN Package Check Results for Package trajectories

Last updated on 2021-10-17 22:48:52 CEST.

Flavor Version Tinstall Tcheck Ttotal Status Flags
r-devel-linux-x86_64-debian-clang 0.2-3 13.74 167.74 181.48 NOTE
r-devel-linux-x86_64-debian-gcc 0.2-3 9.92 129.13 139.05 NOTE
r-devel-linux-x86_64-fedora-clang 0.2-3 227.64 NOTE
r-devel-linux-x86_64-fedora-gcc 0.2-3 208.42 NOTE
r-devel-windows-x86_64 0.2-3 19.00 179.00 198.00 NOTE
r-devel-windows-x86_64-gcc10-UCRT 0.2-3 NOTE
r-patched-linux-x86_64 0.2-3 14.41 164.50 178.91 NOTE
r-patched-solaris-x86 0.2-3 282.10 NOTE
r-release-linux-x86_64 0.2-3 13.28 167.66 180.94 NOTE
r-release-macos-arm64 0.2-3 NOTE
r-release-macos-x86_64 0.2-3 NOTE
r-release-windows-ix86+x86_64 0.2-3 16.00 209.00 225.00 NOTE
r-oldrel-macos-x86_64 0.2-3 NOTE
r-oldrel-windows-ix86+x86_64 0.2-3 23.00 222.00 245.00 NOTE

Check Details

Version: 0.2-3
Check: package dependencies
Result: NOTE
    Package suggested but not available for checking: 'taxidata'
Flavors: r-devel-linux-x86_64-debian-clang, r-devel-linux-x86_64-debian-gcc, r-devel-linux-x86_64-fedora-clang, r-devel-linux-x86_64-fedora-gcc, r-devel-windows-x86_64, r-devel-windows-x86_64-gcc10-UCRT, r-patched-linux-x86_64, r-patched-solaris-x86, r-release-linux-x86_64, r-release-macos-arm64, r-release-macos-x86_64, r-release-windows-ix86+x86_64, r-oldrel-macos-x86_64, r-oldrel-windows-ix86+x86_64