CRAN Package Check Results for Package transformr

Last updated on 2021-09-24 22:53:11 CEST.

Flavor Version Tinstall Tcheck Ttotal Status Flags
r-devel-linux-x86_64-debian-clang 0.1.3 40.26 60.03 100.29 NOTE
r-devel-linux-x86_64-debian-gcc 0.1.3 26.00 44.82 70.82 NOTE
r-devel-linux-x86_64-fedora-clang 0.1.3 141.20 NOTE
r-devel-linux-x86_64-fedora-gcc 0.1.3 119.77 NOTE
r-devel-windows-x86_64 0.1.3 38.00 71.00 109.00 NOTE
r-devel-windows-x86_64-gcc10-UCRT 0.1.3 NOTE
r-patched-linux-x86_64 0.1.3 33.95 56.46 90.41 NOTE
r-patched-solaris-x86 0.1.3 153.30 NOTE
r-release-linux-x86_64 0.1.3 32.62 56.41 89.03 NOTE
r-release-macos-arm64 0.1.3 NOTE
r-release-macos-x86_64 0.1.3 NOTE
r-release-windows-ix86+x86_64 0.1.3 96.00 79.00 175.00 NOTE
r-oldrel-macos-x86_64 0.1.3 OK
r-oldrel-windows-ix86+x86_64 0.1.3 72.00 90.00 162.00 OK

Check Details

Version: 0.1.3
Check: LazyData
Result: NOTE
     'LazyData' is specified without a 'data' directory
Flavors: r-devel-linux-x86_64-debian-clang, r-devel-linux-x86_64-debian-gcc, r-devel-linux-x86_64-fedora-clang, r-devel-linux-x86_64-fedora-gcc, r-devel-windows-x86_64, r-devel-windows-x86_64-gcc10-UCRT, r-patched-linux-x86_64, r-patched-solaris-x86, r-release-linux-x86_64, r-release-macos-arm64, r-release-macos-x86_64, r-release-windows-ix86+x86_64