CRAN Package Check Results for Package translate

Last updated on 2021-10-19 10:51:10 CEST.

Flavor Version Tinstall Tcheck Ttotal Status Flags
r-devel-linux-x86_64-debian-clang 0.1.2 2.68 32.08 34.76 NOTE
r-devel-linux-x86_64-debian-gcc 0.1.2 2.08 24.42 26.50 NOTE
r-devel-linux-x86_64-fedora-clang 0.1.2 53.38 NOTE
r-devel-linux-x86_64-fedora-gcc 0.1.2 43.17 NOTE
r-devel-windows-x86_64 0.1.2 5.00 47.00 52.00 NOTE
r-devel-windows-x86_64-gcc10-UCRT 0.1.2 NOTE
r-patched-linux-x86_64 0.1.2 2.57 29.98 32.55 NOTE
r-patched-solaris-x86 0.1.2 70.70 NOTE
r-release-linux-x86_64 0.1.2 2.38 31.32 33.70 NOTE
r-release-macos-arm64 0.1.2 NOTE
r-release-macos-x86_64 0.1.2 NOTE
r-release-windows-ix86+x86_64 0.1.2 6.00 39.00 45.00 NOTE
r-oldrel-macos-x86_64 0.1.2 NOTE
r-oldrel-windows-ix86+x86_64 0.1.2 5.00 40.00 45.00 NOTE

Check Details

Version: 0.1.2
Check: DESCRIPTION meta-information
Result: NOTE
    Malformed Description field: should contain one or more complete sentences.
Flavors: r-devel-linux-x86_64-debian-clang, r-devel-linux-x86_64-debian-gcc, r-devel-linux-x86_64-fedora-clang, r-devel-linux-x86_64-fedora-gcc, r-devel-windows-x86_64, r-devel-windows-x86_64-gcc10-UCRT, r-patched-linux-x86_64, r-patched-solaris-x86, r-release-linux-x86_64, r-release-macos-arm64, r-release-macos-x86_64, r-release-windows-ix86+x86_64, r-oldrel-macos-x86_64, r-oldrel-windows-ix86+x86_64